74.6.69.123 - - [20/Feb/2007:23:31:25 -0600] "GET /ic107ppbpp.htm HTTP/1.0" 200 10722 "-" "Mozilla/5.0 (compatible; Yahoo! Slurp; http://help.yahoo.com/help/us/ysearch/slurp)"
66.249.65.51 - - [20/Feb/2007:23:43:46 -0600] "GET /pprackscrew.htm HTTP/1.1" 200 11775 "-" "Mozilla/5.0 (compatible; Googlebot/2.1; +http://www.google.com/bot.html)"
74.6.65.237 - - [20/Feb/2007:23:44:43 -0600] "GET /wdmproducts.htm HTTP/1.0" 200 28454 "-" "Mozilla/5.0 (compatible; Yahoo! Slurp; http://help.yahoo.com/help/us/ysearch/slurp)"
74.6.73.250 - - [20/Feb/2007:23:45:20 -0600] "GET /wirelessenterprise.html HTTP/1.0" 304 - "-" "Mozilla/5.0 (compatible; Yahoo! Slurp; http://help.yahoo.com/help/us/ysearch/slurp)"
72.30.177.242 - - [21/Feb/2007:00:00:11 -0600] "GET /cat6cable.htm HTTP/1.0" 200 100614 "-" "Mozilla/5.0 (compatible; Yahoo! Slurp; http://help.yahoo.com/help/us/ysearch/slurp)"
72.30.177.94 - - [21/Feb/2007:00:09:08 -0600] "GET /robots.txt HTTP/1.0" 404 299 "-" "Mozilla/5.0 (compatible; Yahoo! Slurp; http://help.yahoo.com/help/us/ysearch/slurp)"
74.6.65.226 - - [21/Feb/2007:00:09:08 -0600] "GET /products.php?Category=FiberOpticEnclosures HTTP/1.0" 200 53055 "-" "Mozilla/5.0 (compatible; Yahoo! Slurp; http://help.yahoo.com/help/us/ysearch/slurp)"
74.6.72.31 - - [21/Feb/2007:00:15:03 -0600] "GET /smart_homes.html HTTP/1.0" 304 - "-" "Mozilla/5.0 (compatible; Yahoo! Slurp; http://help.yahoo.com/help/us/ysearch/slurp)"
66.249.65.51 - - [21/Feb/2007:00:18:09 -0600] "GET /cableman.htm HTTP/1.1" 200 33711 "-" "Mozilla/5.0 (compatible; Googlebot/2.1; +http://www.google.com/bot.html)"
74.6.73.190 - - [21/Feb/2007:00:20:18 -0600] "GET /specials-clearance.html HTTP/1.0" 304 - "-" "Mozilla/5.0 (compatible; Yahoo! Slurp; http://help.yahoo.com/help/us/ysearch/slurp)"
65.54.188.76 - - [21/Feb/2007:00:30:06 -0600] "GET /robots.txt HTTP/1.0" 404 303 "-" "msnbot/1.0 (+http://search.msn.com/msnbot.htm)"
65.54.188.76 - - [21/Feb/2007:00:30:06 -0600] "GET /mf5000pric.htm HTTP/1.0" 200 10707 "-" "msnbot/1.0 (+http://search.msn.com/msnbot.htm)"
66.249.65.51 - - [21/Feb/2007:00:30:49 -0600] "GET /fomultiplexers2.htm HTTP/1.1" 200 36482 "-" "Mozilla/5.0 (compatible; Googlebot/2.1; +http://www.google.com/bot.html)"
74.6.75.36 - - [21/Feb/2007:00:41:28 -0600] "GET /robots.txt HTTP/1.0" 404 303 "-" "Mozilla/5.0 (compatible; Yahoo! Slurp; http://help.yahoo.com/help/us/ysearch/slurp)"
74.6.67.141 - - [21/Feb/2007:00:41:29 -0600] "GET /catvconcrimp.htm HTTP/1.0" 304 - "-" "Mozilla/5.0 (compatible; Yahoo! Slurp; http://help.yahoo.com/help/us/ysearch/slurp)"
74.6.72.179 - - [21/Feb/2007:00:46:11 -0600] "GET /conventionservices.html HTTP/1.0" 200 63396 "-" "Mozilla/5.0 (compatible; Yahoo! Slurp; http://help.yahoo.com/help/us/ysearch/slurp)"
74.6.71.94 - - [21/Feb/2007:00:46:57 -0600] "GET /cableguide.htm HTTP/1.0" 404 307 "-" "Mozilla/5.0 (compatible; Yahoo! Slurp; http://help.yahoo.com/help/us/ysearch/slurp)"
74.6.70.97 - - [21/Feb/2007:00:48:15 -0600] "GET /telcocarrier.html HTTP/1.0" 200 33444 "-" "Mozilla/5.0 (compatible; Yahoo! Slurp; http://help.yahoo.com/help/us/ysearch/slurp)"
74.6.75.19 - - [21/Feb/2007:00:49:47 -0600] "GET /lasvegasosp.htm HTTP/1.0" 200 59127 "-" "Mozilla/5.0 (compatible; Yahoo! Slurp; http://help.yahoo.com/help/us/ysearch/slurp)"
74.6.74.229 - - [21/Feb/2007:00:54:47 -0600] "GET /cxr/AJ%2520DSU-CSUs_files/ HTTP/1.0" 200 1464 "-" "Mozilla/5.0 (compatible; Yahoo! Slurp; http://help.yahoo.com/help/us/ysearch/slurp)"
74.6.72.172 - - [21/Feb/2007:01:04:34 -0600] "GET /headsets.htm HTTP/1.0" 200 20430 "-" "Mozilla/5.0 (compatible; Yahoo! Slurp; http://help.yahoo.com/help/us/ysearch/slurp)"
207.118.38.241 - - [21/Feb/2007:01:10:10 -0600] "GET /vendor_ideal.html HTTP/1.1" 200 49126 "http://www.ask.com/web?q=telephone+butt+sets&o=10358&l=&qsrc=2361&qid=FB05533FFD417F533F11128779B2C533&page=2" "Mozilla/4.0 (compatible; MSIE 7.0; Windows NT 5.1; .NET CLR 1.0.3705; .NET CLR 1.1.4322; Media Center PC 4.0; .NET CLR 2.0.50727)"
207.118.38.241 - - [21/Feb/2007:01:10:11 -0600] "GET /amflag.gif HTTP/1.1" 200 32090 "http://www.atekcommunications.com/vendor_ideal.html" "Mozilla/4.0 (compatible; MSIE 7.0; Windows NT 5.1; .NET CLR 1.0.3705; .NET CLR 1.1.4322; Media Center PC 4.0; .NET CLR 2.0.50727)"
207.118.38.241 - - [21/Feb/2007:01:10:11 -0600] "GET /atshead62901.jpg HTTP/1.1" 200 21975 "http://www.atekcommunications.com/vendor_ideal.html" "Mozilla/4.0 (compatible; MSIE 7.0; Windows NT 5.1; .NET CLR 1.0.3705; .NET CLR 1.1.4322; Media Center PC 4.0; .NET CLR 2.0.50727)"
207.118.38.241 - - [21/Feb/2007:01:10:12 -0600] "GET /icc/Fiber%20Optic%20Adapters%20-%20Fiber%20Optic%20Solutions_files/newtriangle.gif HTTP/1.1" 200 - "http://www.atekcommunications.com/vendor_ideal.html" "Mozilla/4.0 (compatible; MSIE 7.0; Windows NT 5.1; .NET CLR 1.0.3705; .NET CLR 1.1.4322; Media Center PC 4.0; .NET CLR 2.0.50727)"
207.118.38.241 - - [21/Feb/2007:01:10:12 -0600] "GET /LadderRack_files/images/logo_ideal.gif HTTP/1.1" 200 924 "http://www.atekcommunications.com/vendor_ideal.html" "Mozilla/4.0 (compatible; MSIE 7.0; Windows NT 5.1; .NET CLR 1.0.3705; .NET CLR 1.1.4322; Media Center PC 4.0; .NET CLR 2.0.50727)"
207.118.38.241 - - [21/Feb/2007:01:10:13 -0600] "GET /LadderRack_files/images/ideal_62415.jpg HTTP/1.1" 200 21368 "http://www.atekcommunications.com/vendor_ideal.html" "Mozilla/4.0 (compatible; MSIE 7.0; Windows NT 5.1; .NET CLR 1.0.3705; .NET CLR 1.1.4322; Media Center PC 4.0; .NET CLR 2.0.50727)"
207.118.38.241 - - [21/Feb/2007:01:10:13 -0600] "GET /LadderRack_files/images/ideal62411.jpg HTTP/1.1" 200 15267 "http://www.atekcommunications.com/vendor_ideal.html" "Mozilla/4.0 (compatible; MSIE 7.0; Windows NT 5.1; .NET CLR 1.0.3705; .NET CLR 1.1.4322; Media Center PC 4.0; .NET CLR 2.0.50727)"
207.118.38.241 - - [21/Feb/2007:01:10:14 -0600] "GET /LadderRack_files/images/ideal_lantek7.gif HTTP/1.1" 200 4761 "http://www.atekcommunications.com/vendor_ideal.html" "Mozilla/4.0 (compatible; MSIE 7.0; Windows NT 5.1; .NET CLR 1.0.3705; .NET CLR 1.1.4322; Media Center PC 4.0; .NET CLR 2.0.50727)"
207.118.38.241 - - [21/Feb/2007:01:10:14 -0600] "GET /6TN516.jpg HTTP/1.1" 200 10154 "http://www.atekcommunications.com/vendor_ideal.html" "Mozilla/4.0 (compatible; MSIE 7.0; Windows NT 5.1; .NET CLR 1.0.3705; .NET CLR 1.1.4322; Media Center PC 4.0; .NET CLR 2.0.50727)"
207.118.38.241 - - [21/Feb/2007:01:10:15 -0600] "GET /6TN611.jpg HTTP/1.1" 200 6267 "http://www.atekcommunications.com/vendor_ideal.html" "Mozilla/4.0 (compatible; MSIE 7.0; Windows NT 5.1; .NET CLR 1.0.3705; .NET CLR 1.1.4322; Media Center PC 4.0; .NET CLR 2.0.50727)"
207.118.38.241 - - [21/Feb/2007:01:10:15 -0600] "GET /6TN612.jpg HTTP/1.1" 200 7093 "http://www.atekcommunications.com/vendor_ideal.html" "Mozilla/4.0 (compatible; MSIE 7.0; Windows NT 5.1; .NET CLR 1.0.3705; .NET CLR 1.1.4322; Media Center PC 4.0; .NET CLR 2.0.50727)"
207.118.38.241 - - [21/Feb/2007:01:10:16 -0600] "GET /6TN605.jpg HTTP/1.1" 200 9965 "http://www.atekcommunications.com/vendor_ideal.html" "Mozilla/4.0 (compatible; MSIE 7.0; Windows NT 5.1; .NET CLR 1.0.3705; .NET CLR 1.1.4322; Media Center PC 4.0; .NET CLR 2.0.50727)"
207.118.38.241 - - [21/Feb/2007:01:10:16 -0600] "GET /6TN604.jpg HTTP/1.1" 200 10208 "http://www.atekcommunications.com/vendor_ideal.html" "Mozilla/4.0 (compatible; MSIE 7.0; Windows NT 5.1; .NET CLR 1.0.3705; .NET CLR 1.1.4322; Media Center PC 4.0; .NET CLR 2.0.50727)"
207.118.38.241 - - [21/Feb/2007:01:10:17 -0600] "GET /LadderRack_files/images/ideal_lantek6.gif HTTP/1.1" 200 4806 "http://www.atekcommunications.com/vendor_ideal.html" "Mozilla/4.0 (compatible; MSIE 7.0; Windows NT 5.1; .NET CLR 1.0.3705; .NET CLR 1.1.4322; Media Center PC 4.0; .NET CLR 2.0.50727)"
207.118.38.241 - - [21/Feb/2007:01:10:17 -0600] "GET /6TN191.jpg HTTP/1.1" 200 8404 "http://www.atekcommunications.com/vendor_ideal.html" "Mozilla/4.0 (compatible; MSIE 7.0; Windows NT 5.1; .NET CLR 1.0.3705; .NET CLR 1.1.4322; Media Center PC 4.0; .NET CLR 2.0.50727)"
207.118.38.241 - - [21/Feb/2007:01:10:17 -0600] "GET /6TN187.jpg HTTP/1.1" 200 6367 "http://www.atekcommunications.com/vendor_ideal.html" "Mozilla/4.0 (compatible; MSIE 7.0; Windows NT 5.1; .NET CLR 1.0.3705; .NET CLR 1.1.4322; Media Center PC 4.0; .NET CLR 2.0.50727)"
207.118.38.241 - - [21/Feb/2007:01:10:17 -0600] "GET /6TN190.jpg HTTP/1.1" 200 8700 "http://www.atekcommunications.com/vendor_ideal.html" "Mozilla/4.0 (compatible; MSIE 7.0; Windows NT 5.1; .NET CLR 1.0.3705; .NET CLR 1.1.4322; Media Center PC 4.0; .NET CLR 2.0.50727)"
207.118.38.241 - - [21/Feb/2007:01:10:18 -0600] "GET /6TN194.jpg HTTP/1.1" 200 8469 "http://www.atekcommunications.com/vendor_ideal.html" "Mozilla/4.0 (compatible; MSIE 7.0; Windows NT 5.1; .NET CLR 1.0.3705; .NET CLR 1.1.4322; Media Center PC 4.0; .NET CLR 2.0.50727)"
207.118.38.241 - - [21/Feb/2007:01:10:18 -0600] "GET /6TN206.jpg HTTP/1.1" 200 7767 "http://www.atekcommunications.com/vendor_ideal.html" "Mozilla/4.0 (compatible; MSIE 7.0; Windows NT 5.1; .NET CLR 1.0.3705; .NET CLR 1.1.4322; Media Center PC 4.0; .NET CLR 2.0.50727)"
207.118.38.241 - - [21/Feb/2007:01:10:18 -0600] "GET /6TN181.jpg HTTP/1.1" 200 5010 "http://www.atekcommunications.com/vendor_ideal.html" "Mozilla/4.0 (compatible; MSIE 7.0; Windows NT 5.1; .NET CLR 1.0.3705; .NET CLR 1.1.4322; Media Center PC 4.0; .NET CLR 2.0.50727)"
207.118.38.241 - - [21/Feb/2007:01:10:19 -0600] "GET /6TN201.jpg HTTP/1.1" 200 9399 "http://www.atekcommunications.com/vendor_ideal.html" "Mozilla/4.0 (compatible; MSIE 7.0; Windows NT 5.1; .NET CLR 1.0.3705; .NET CLR 1.1.4322; Media Center PC 4.0; .NET CLR 2.0.50727)"
207.118.38.241 - - [21/Feb/2007:01:10:19 -0600] "GET /6TN207.jpg HTTP/1.1" 200 8532 "http://www.atekcommunications.com/vendor_ideal.html" "Mozilla/4.0 (compatible; MSIE 7.0; Windows NT 5.1; .NET CLR 1.0.3705; .NET CLR 1.1.4322; Media Center PC 4.0; .NET CLR 2.0.50727)"
207.118.38.241 - - [21/Feb/2007:01:10:20 -0600] "GET /6TN196.jpg HTTP/1.1" 200 6274 "http://www.atekcommunications.com/vendor_ideal.html" "Mozilla/4.0 (compatible; MSIE 7.0; Windows NT 5.1; .NET CLR 1.0.3705; .NET CLR 1.1.4322; Media Center PC 4.0; .NET CLR 2.0.50727)"
207.118.38.241 - - [21/Feb/2007:01:10:20 -0600] "GET /6TN425.jpg HTTP/1.1" 200 11061 "http://www.atekcommunications.com/vendor_ideal.html" "Mozilla/4.0 (compatible; MSIE 7.0; Windows NT 5.1; .NET CLR 1.0.3705; .NET CLR 1.1.4322; Media Center PC 4.0; .NET CLR 2.0.50727)"
207.118.38.241 - - [21/Feb/2007:01:10:20 -0600] "GET /6TN208.jpg HTTP/1.1" 200 9068 "http://www.atekcommunications.com/vendor_ideal.html" "Mozilla/4.0 (compatible; MSIE 7.0; Windows NT 5.1; .NET CLR 1.0.3705; .NET CLR 1.1.4322; Media Center PC 4.0; .NET CLR 2.0.50727)"
207.118.38.241 - - [21/Feb/2007:01:10:21 -0600] "GET /6TN186.jpg HTTP/1.1" 200 7945 "http://www.atekcommunications.com/vendor_ideal.html" "Mozilla/4.0 (compatible; MSIE 7.0; Windows NT 5.1; .NET CLR 1.0.3705; .NET CLR 1.1.4322; Media Center PC 4.0; .NET CLR 2.0.50727)"
207.118.38.241 - - [21/Feb/2007:01:10:20 -0600] "GET /6TN195.jpg HTTP/1.1" 200 17045 "http://www.atekcommunications.com/vendor_ideal.html" "Mozilla/4.0 (compatible; MSIE 7.0; Windows NT 5.1; .NET CLR 1.0.3705; .NET CLR 1.1.4322; Media Center PC 4.0; .NET CLR 2.0.50727)"
207.118.38.241 - - [21/Feb/2007:01:10:21 -0600] "GET /6FS203.jpg HTTP/1.1" 200 21988 "http://www.atekcommunications.com/vendor_ideal.html" "Mozilla/4.0 (compatible; MSIE 7.0; Windows NT 5.1; .NET CLR 1.0.3705; .NET CLR 1.1.4322; Media Center PC 4.0; .NET CLR 2.0.50727)"
74.6.74.89 - - [21/Feb/2007:01:10:49 -0600] "GET /ductin.htm HTTP/1.0" 304 - "-" "Mozilla/5.0 (compatible; Yahoo! Slurp; http://help.yahoo.com/help/us/ysearch/slurp)"
74.6.87.124 - - [21/Feb/2007:01:13:58 -0600] "GET /robots.txt HTTP/1.0" 404 303 "-" "Mozilla/5.0 (compatible; Yahoo! Slurp; http://help.yahoo.com/help/us/ysearch/slurp)"
74.6.86.108 - - [21/Feb/2007:01:13:59 -0600] "GET /icc2003.pdf HTTP/1.0" 200 202340 "-" "Mozilla/5.0 (compatible; Yahoo! Slurp; http://help.yahoo.com/help/us/ysearch/slurp)"
74.6.71.71 - - [21/Feb/2007:01:16:05 -0600] "GET /building_smart_homes.html HTTP/1.0" 304 - "-" "Mozilla/5.0 (compatible; Yahoo! Slurp; http://help.yahoo.com/help/us/ysearch/slurp)"
66.249.65.51 - - [21/Feb/2007:01:16:06 -0600] "GET /lasvegasintegration.htm HTTP/1.1" 200 58075 "-" "Mozilla/5.0 (compatible; Googlebot/2.1; +http://www.google.com/bot.html)"
65.55.212.92 - - [21/Feb/2007:01:37:20 -0600] "GET /robots.txt HTTP/1.0" 404 303 "-" "msnbot-media/1.0 (+http://search.msn.com/msnbot.htm)"
65.55.212.92 - - [21/Feb/2007:01:37:20 -0600] "GET /cxr.htm HTTP/1.0" 200 31393 "-" "msnbot-media/1.0 (+http://search.msn.com/msnbot.htm)"
74.6.74.49 - - [21/Feb/2007:01:37:56 -0600] "GET /norstar.html HTTP/1.0" 200 61657 "-" "Mozilla/5.0 (compatible; Yahoo! Slurp; http://help.yahoo.com/help/us/ysearch/slurp)"
65.55.212.92 - - [21/Feb/2007:01:39:51 -0600] "GET /chromatic_multi.html HTTP/1.0" 200 29010 "-" "msnbot-media/1.0 (+http://search.msn.com/msnbot.htm)"
65.55.212.92 - - [21/Feb/2007:01:39:54 -0600] "GET /cableman.htm HTTP/1.0" 200 33711 "-" "msnbot-media/1.0 (+http://search.msn.com/msnbot.htm)"
74.6.65.226 - - [21/Feb/2007:01:40:26 -0600] "GET /innerduct.htm HTTP/1.0" 304 - "-" "Mozilla/5.0 (compatible; Yahoo! Slurp; http://help.yahoo.com/help/us/ysearch/slurp)"
74.6.75.36 - - [21/Feb/2007:01:45:26 -0600] "GET /robots.txt HTTP/1.0" 404 303 "-" "Mozilla/5.0 (compatible; Yahoo! Slurp; http://help.yahoo.com/help/us/ysearch/slurp)"
74.6.68.143 - - [21/Feb/2007:01:45:26 -0600] "GET /patchcords.htm HTTP/1.0" 304 - "-" "Mozilla/5.0 (compatible; Yahoo! Slurp; http://help.yahoo.com/help/us/ysearch/slurp)"
65.55.212.92 - - [21/Feb/2007:01:46:43 -0600] "GET /products.php?Category=SOHO HTTP/1.0" 200 53055 "-" "msnbot-media/1.0 (+http://search.msn.com/msnbot.htm)"
193.47.80.48 - - [21/Feb/2007:01:47:36 -0600] "GET /team.htm HTTP/1.1" 200 13468 "-" "Mozilla/5.0 (compatible; Exabot/3.0; +http://www.exabot.com/go/robot)"
65.160.210.240 - - [21/Feb/2007:01:56:27 -0600] "GET /atekwireless.html HTTP/1.1" 200 45371 "http://www.google.com/search?q=wifi+backhaul+requirements&hl=en&start=40&sa=N" "Mozilla/4.0 (compatible; MSIE 7.0; Windows NT 5.1; .NET CLR 1.0.3705; .NET CLR 1.1.4322; Media Center PC 4.0; MSN 9.0;MSN 9.1; MSNbVZ02; MSNmen-us; MSNcOTH)"
65.160.210.240 - - [21/Feb/2007:01:56:27 -0600] "GET /images/gif/bg.gif HTTP/1.1" 200 164 "http://www.atekcommunications.com/atekwireless.html" "Mozilla/4.0 (compatible; MSIE 7.0; Windows NT 5.1; .NET CLR 1.0.3705; .NET CLR 1.1.4322; Media Center PC 4.0; MSN 9.0;MSN 9.1; MSNbVZ02; MSNmen-us; MSNcOTH)"
65.160.210.240 - - [21/Feb/2007:01:56:27 -0600] "GET /nav/atek.gif HTTP/1.1" 200 8355 "http://www.atekcommunications.com/atekwireless.html" "Mozilla/4.0 (compatible; MSIE 7.0; Windows NT 5.1; .NET CLR 1.0.3705; .NET CLR 1.1.4322; Media Center PC 4.0; MSN 9.0;MSN 9.1; MSNbVZ02; MSNmen-us; MSNcOTH)"
65.160.210.240 - - [21/Feb/2007:01:56:27 -0600] "GET /nav/title.gif HTTP/1.1" 200 17003 "http://www.atekcommunications.com/atekwireless.html" "Mozilla/4.0 (compatible; MSIE 7.0; Windows NT 5.1; .NET CLR 1.0.3705; .NET CLR 1.1.4322; Media Center PC 4.0; MSN 9.0;MSN 9.1; MSNbVZ02; MSNmen-us; MSNcOTH)"
65.160.210.240 - - [21/Feb/2007:01:56:27 -0600] "GET /nav/topr.gif HTTP/1.1" 200 1740 "http://www.atekcommunications.com/atekwireless.html" "Mozilla/4.0 (compatible; MSIE 7.0; Windows NT 5.1; .NET CLR 1.0.3705; .NET CLR 1.1.4322; Media Center PC 4.0; MSN 9.0;MSN 9.1; MSNbVZ02; MSNmen-us; MSNcOTH)"
65.160.210.240 - - [21/Feb/2007:01:56:28 -0600] "GET /nav/wsmart.gif HTTP/1.1" 200 5369 "http://www.atekcommunications.com/atekwireless.html" "Mozilla/4.0 (compatible; MSIE 7.0; Windows NT 5.1; .NET CLR 1.0.3705; .NET CLR 1.1.4322; Media Center PC 4.0; MSN 9.0;MSN 9.1; MSNbVZ02; MSNmen-us; MSNcOTH)"
65.160.210.240 - - [21/Feb/2007:01:56:28 -0600] "GET /nav/wcatalog.gif HTTP/1.1" 200 6632 "http://www.atekcommunications.com/atekwireless.html" "Mozilla/4.0 (compatible; MSIE 7.0; Windows NT 5.1; .NET CLR 1.0.3705; .NET CLR 1.1.4322; Media Center PC 4.0; MSN 9.0;MSN 9.1; MSNbVZ02; MSNmen-us; MSNcOTH)"
65.160.210.240 - - [21/Feb/2007:01:56:28 -0600] "GET /nav/wcontact.gif HTTP/1.1" 200 5196 "http://www.atekcommunications.com/atekwireless.html" "Mozilla/4.0 (compatible; MSIE 7.0; Windows NT 5.1; .NET CLR 1.0.3705; .NET CLR 1.1.4322; Media Center PC 4.0; MSN 9.0;MSN 9.1; MSNbVZ02; MSNmen-us; MSNcOTH)"
65.160.210.240 - - [21/Feb/2007:01:56:28 -0600] "GET /nav/corner.gif HTTP/1.1" 200 838 "http://www.atekcommunications.com/atekwireless.html" "Mozilla/4.0 (compatible; MSIE 7.0; Windows NT 5.1; .NET CLR 1.0.3705; .NET CLR 1.1.4322; Media Center PC 4.0; MSN 9.0;MSN 9.1; MSNbVZ02; MSNmen-us; MSNcOTH)"
65.160.210.240 - - [21/Feb/2007:01:56:28 -0600] "GET /nav/line.gif HTTP/1.1" 200 170 "http://www.atekcommunications.com/atekwireless.html" "Mozilla/4.0 (compatible; MSIE 7.0; Windows NT 5.1; .NET CLR 1.0.3705; .NET CLR 1.1.4322; Media Center PC 4.0; MSN 9.0;MSN 9.1; MSNbVZ02; MSNmen-us; MSNcOTH)"
65.160.210.240 - - [21/Feb/2007:01:56:28 -0600] "GET /images/gif/transparent.gif HTTP/1.1" 200 807 "http://www.atekcommunications.com/atekwireless.html" "Mozilla/4.0 (compatible; MSIE 7.0; Windows NT 5.1; .NET CLR 1.0.3705; .NET CLR 1.1.4322; Media Center PC 4.0; MSN 9.0;MSN 9.1; MSNbVZ02; MSNmen-us; MSNcOTH)"
65.160.210.240 - - [21/Feb/2007:01:56:28 -0600] "GET /nav/about1.gif HTTP/1.1" 200 2664 "http://www.atekcommunications.com/atekwireless.html" "Mozilla/4.0 (compatible; MSIE 7.0; Windows NT 5.1; .NET CLR 1.0.3705; .NET CLR 1.1.4322; Media Center PC 4.0; MSN 9.0;MSN 9.1; MSNbVZ02; MSNmen-us; MSNcOTH)"
65.160.210.240 - - [21/Feb/2007:01:56:28 -0600] "GET /nav/contact1.gif HTTP/1.1" 200 2550 "http://www.atekcommunications.com/atekwireless.html" "Mozilla/4.0 (compatible; MSIE 7.0; Windows NT 5.1; .NET CLR 1.0.3705; .NET CLR 1.1.4322; Media Center PC 4.0; MSN 9.0;MSN 9.1; MSNbVZ02; MSNmen-us; MSNcOTH)"
65.160.210.240 - - [21/Feb/2007:01:56:28 -0600] "GET /nav/employ1.gif HTTP/1.1" 200 2678 "http://www.atekcommunications.com/atekwireless.html" "Mozilla/4.0 (compatible; MSIE 7.0; Windows NT 5.1; .NET CLR 1.0.3705; .NET CLR 1.1.4322; Media Center PC 4.0; MSN 9.0;MSN 9.1; MSNbVZ02; MSNmen-us; MSNcOTH)"
65.160.210.240 - - [21/Feb/2007:01:56:28 -0600] "GET /nav/gov1.gif HTTP/1.1" 200 2653 "http://www.atekcommunications.com/atekwireless.html" "Mozilla/4.0 (compatible; MSIE 7.0; Windows NT 5.1; .NET CLR 1.0.3705; .NET CLR 1.1.4322; Media Center PC 4.0; MSN 9.0;MSN 9.1; MSNbVZ02; MSNmen-us; MSNcOTH)"
65.160.210.240 - - [21/Feb/2007:01:56:28 -0600] "GET /nav/mission1.gif HTTP/1.1" 200 2187 "http://www.atekcommunications.com/atekwireless.html" "Mozilla/4.0 (compatible; MSIE 7.0; Windows NT 5.1; .NET CLR 1.0.3705; .NET CLR 1.1.4322; Media Center PC 4.0; MSN 9.0;MSN 9.1; MSNbVZ02; MSNmen-us; MSNcOTH)"
65.160.210.240 - - [21/Feb/2007:01:56:28 -0600] "GET /nav/serv1.gif HTTP/1.1" 200 2901 "http://www.atekcommunications.com/atekwireless.html" "Mozilla/4.0 (compatible; MSIE 7.0; Windows NT 5.1; .NET CLR 1.0.3705; .NET CLR 1.1.4322; Media Center PC 4.0; MSN 9.0;MSN 9.1; MSNbVZ02; MSNmen-us; MSNcOTH)"
65.160.210.240 - - [21/Feb/2007:01:56:28 -0600] "GET /nav/tele1.gif HTTP/1.1" 200 2589 "http://www.atekcommunications.com/atekwireless.html" "Mozilla/4.0 (compatible; MSIE 7.0; Windows NT 5.1; .NET CLR 1.0.3705; .NET CLR 1.1.4322; Media Center PC 4.0; MSN 9.0;MSN 9.1; MSNbVZ02; MSNmen-us; MSNcOTH)"
65.160.210.240 - - [21/Feb/2007:01:56:29 -0600] "GET /nav/smarthomes1.gif HTTP/1.1" 200 2763 "http://www.atekcommunications.com/atekwireless.html" "Mozilla/4.0 (compatible; MSIE 7.0; Windows NT 5.1; .NET CLR 1.0.3705; .NET CLR 1.1.4322; Media Center PC 4.0; MSN 9.0;MSN 9.1; MSNbVZ02; MSNmen-us; MSNcOTH)"
65.160.210.240 - - [21/Feb/2007:01:56:29 -0600] "GET /nav/features1.gif HTTP/1.1" 200 2196 "http://www.atekcommunications.com/atekwireless.html" "Mozilla/4.0 (compatible; MSIE 7.0; Windows NT 5.1; .NET CLR 1.0.3705; .NET CLR 1.1.4322; Media Center PC 4.0; MSN 9.0;MSN 9.1; MSNbVZ02; MSNmen-us; MSNcOTH)"
65.160.210.240 - - [21/Feb/2007:01:56:29 -0600] "GET /nav/products1.gif HTTP/1.1" 200 2297 "http://www.atekcommunications.com/atekwireless.html" "Mozilla/4.0 (compatible; MSIE 7.0; Windows NT 5.1; .NET CLR 1.0.3705; .NET CLR 1.1.4322; Media Center PC 4.0; MSN 9.0;MSN 9.1; MSNbVZ02; MSNmen-us; MSNcOTH)"
65.160.210.240 - - [21/Feb/2007:01:56:29 -0600] "GET /nav/build1.gif HTTP/1.1" 200 2231 "http://www.atekcommunications.com/atekwireless.html" "Mozilla/4.0 (compatible; MSIE 7.0; Windows NT 5.1; .NET CLR 1.0.3705; .NET CLR 1.1.4322; Media Center PC 4.0; MSN 9.0;MSN 9.1; MSNbVZ02; MSNmen-us; MSNcOTH)"
65.160.210.240 - - [21/Feb/2007:01:56:29 -0600] "GET /nav/cabling1.gif HTTP/1.1" 200 2209 "http://www.atekcommunications.com/atekwireless.html" "Mozilla/4.0 (compatible; MSIE 7.0; Windows NT 5.1; .NET CLR 1.0.3705; .NET CLR 1.1.4322; Media Center PC 4.0; MSN 9.0;MSN 9.1; MSNbVZ02; MSNmen-us; MSNcOTH)"
65.160.210.240 - - [21/Feb/2007:01:56:29 -0600] "GET /nav/fiber1.gif HTTP/1.1" 200 2719 "http://www.atekcommunications.com/atekwireless.html" "Mozilla/4.0 (compatible; MSIE 7.0; Windows NT 5.1; .NET CLR 1.0.3705; .NET CLR 1.1.4322; Media Center PC 4.0; MSN 9.0;MSN 9.1; MSNbVZ02; MSNmen-us; MSNcOTH)"
65.160.210.240 - - [21/Feb/2007:01:56:29 -0600] "GET /nav/misc1.gif HTTP/1.1" 200 2812 "http://www.atekcommunications.com/atekwireless.html" "Mozilla/4.0 (compatible; MSIE 7.0; Windows NT 5.1; .NET CLR 1.0.3705; .NET CLR 1.1.4322; Media Center PC 4.0; MSN 9.0;MSN 9.1; MSNbVZ02; MSNmen-us; MSNcOTH)"
65.160.210.240 - - [21/Feb/2007:01:56:29 -0600] "GET /nav/multimedia1.gif HTTP/1.1" 200 2565 "http://www.atekcommunications.com/atekwireless.html" "Mozilla/4.0 (compatible; MSIE 7.0; Windows NT 5.1; .NET CLR 1.0.3705; .NET CLR 1.1.4322; Media Center PC 4.0; MSN 9.0;MSN 9.1; MSNbVZ02; MSNmen-us; MSNcOTH)"
65.160.210.240 - - [21/Feb/2007:01:56:29 -0600] "GET /nav/networking1.gif HTTP/1.1" 200 2601 "http://www.atekcommunications.com/atekwireless.html" "Mozilla/4.0 (compatible; MSIE 7.0; Windows NT 5.1; .NET CLR 1.0.3705; .NET CLR 1.1.4322; Media Center PC 4.0; MSN 9.0;MSN 9.1; MSNbVZ02; MSNmen-us; MSNcOTH)"
65.160.210.240 - - [21/Feb/2007:01:56:29 -0600] "GET /nav/standards1.gif HTTP/1.1" 200 2463 "http://www.atekcommunications.com/atekwireless.html" "Mozilla/4.0 (compatible; MSIE 7.0; Windows NT 5.1; .NET CLR 1.0.3705; .NET CLR 1.1.4322; Media Center PC 4.0; MSN 9.0;MSN 9.1; MSNbVZ02; MSNmen-us; MSNcOTH)"
65.160.210.240 - - [21/Feb/2007:01:56:29 -0600] "GET /nav/surepower1.gif HTTP/1.1" 200 2455 "http://www.atekcommunications.com/atekwireless.html" "Mozilla/4.0 (compatible; MSIE 7.0; Windows NT 5.1; .NET CLR 1.0.3705; .NET CLR 1.1.4322; Media Center PC 4.0; MSN 9.0;MSN 9.1; MSNbVZ02; MSNmen-us; MSNcOTH)"
65.160.210.240 - - [21/Feb/2007:01:56:30 -0600] "GET /nav/switches1.gif HTTP/1.1" 200 2337 "http://www.atekcommunications.com/atekwireless.html" "Mozilla/4.0 (compatible; MSIE 7.0; Windows NT 5.1; .NET CLR 1.0.3705; .NET CLR 1.1.4322; Media Center PC 4.0; MSN 9.0;MSN 9.1; MSNbVZ02; MSNmen-us; MSNcOTH)"
65.160.210.240 - - [21/Feb/2007:01:56:30 -0600] "GET /images/jpg/ATEK_authorized_dealer.jpg HTTP/1.1" 200 13844 "http://www.atekcommunications.com/atekwireless.html" "Mozilla/4.0 (compatible; MSIE 7.0; Windows NT 5.1; .NET CLR 1.0.3705; .NET CLR 1.1.4322; Media Center PC 4.0; MSN 9.0;MSN 9.1; MSNbVZ02; MSNmen-us; MSNcOTH)"
65.160.210.240 - - [21/Feb/2007:01:56:32 -0600] "GET /nav/security1.gif HTTP/1.1" 200 2230 "http://www.atekcommunications.com/atekwireless.html" "Mozilla/4.0 (compatible; MSIE 7.0; Windows NT 5.1; .NET CLR 1.0.3705; .NET CLR 1.1.4322; Media Center PC 4.0; MSN 9.0;MSN 9.1; MSNbVZ02; MSNmen-us; MSNcOTH)"
65.160.210.240 - - [21/Feb/2007:01:56:32 -0600] "GET /images/gif/icclogo2000.gif HTTP/1.1" 200 589 "http://www.atekcommunications.com/atekwireless.html" "Mozilla/4.0 (compatible; MSIE 7.0; Windows NT 5.1; .NET CLR 1.0.3705; .NET CLR 1.1.4322; Media Center PC 4.0; MSN 9.0;MSN 9.1; MSNbVZ02; MSNmen-us; MSNcOTH)"
65.160.210.240 - - [21/Feb/2007:01:56:33 -0600] "GET /images/gif/ciscobanner.gif HTTP/1.1" 200 1163 "http://www.atekcommunications.com/atekwireless.html" "Mozilla/4.0 (compatible; MSIE 7.0; Windows NT 5.1; .NET CLR 1.0.3705; .NET CLR 1.1.4322; Media Center PC 4.0; MSN 9.0;MSN 9.1; MSNbVZ02; MSNmen-us; MSNcOTH)"
65.160.210.240 - - [21/Feb/2007:01:56:33 -0600] "GET /images/gif/codeani.gif HTTP/1.1" 200 20412 "http://www.atekcommunications.com/atekwireless.html" "Mozilla/4.0 (compatible; MSIE 7.0; Windows NT 5.1; .NET CLR 1.0.3705; .NET CLR 1.1.4322; Media Center PC 4.0; MSN 9.0;MSN 9.1; MSNbVZ02; MSNmen-us; MSNcOTH)"
65.160.210.240 - - [21/Feb/2007:01:56:34 -0600] "GET /images/gif/motologo.gif HTTP/1.1" 200 481 "http://www.atekcommunications.com/atekwireless.html" "Mozilla/4.0 (compatible; MSIE 7.0; Windows NT 5.1; .NET CLR 1.0.3705; .NET CLR 1.1.4322; Media Center PC 4.0; MSN 9.0;MSN 9.1; MSNbVZ02; MSNmen-us; MSNcOTH)"
65.160.210.240 - - [21/Feb/2007:01:56:34 -0600] "GET /images/jpg/Anrits_Logo.jpg HTTP/1.1" 200 2889 "http://www.atekcommunications.com/atekwireless.html" "Mozilla/4.0 (compatible; MSIE 7.0; Windows NT 5.1; .NET CLR 1.0.3705; .NET CLR 1.1.4322; Media Center PC 4.0; MSN 9.0;MSN 9.1; MSNbVZ02; MSNmen-us; MSNcOTH)"
65.160.210.240 - - [21/Feb/2007:01:56:34 -0600] "GET /images/jpg/Telco_Systems_Logo.jpg HTTP/1.1" 200 9146 "http://www.atekcommunications.com/atekwireless.html" "Mozilla/4.0 (compatible; MSIE 7.0; Windows NT 5.1; .NET CLR 1.0.3705; .NET CLR 1.1.4322; Media Center PC 4.0; MSN 9.0;MSN 9.1; MSNbVZ02; MSNmen-us; MSNcOTH)"
65.160.210.240 - - [21/Feb/2007:01:56:34 -0600] "GET /images/jpg/ATT_Logo.jpg HTTP/1.1" 200 6492 "http://www.atekcommunications.com/atekwireless.html" "Mozilla/4.0 (compatible; MSIE 7.0; Windows NT 5.1; .NET CLR 1.0.3705; .NET CLR 1.1.4322; Media Center PC 4.0; MSN 9.0;MSN 9.1; MSNbVZ02; MSNmen-us; MSNcOTH)"
65.160.210.240 - - [21/Feb/2007:01:56:34 -0600] "GET /images/jpg/bluebook_sm.jpg HTTP/1.1" 200 13877 "http://www.atekcommunications.com/atekwireless.html" "Mozilla/4.0 (compatible; MSIE 7.0; Windows NT 5.1; .NET CLR 1.0.3705; .NET CLR 1.1.4322; Media Center PC 4.0; MSN 9.0;MSN 9.1; MSNbVZ02; MSNmen-us; MSNcOTH)"
65.160.210.240 - - [21/Feb/2007:01:56:35 -0600] "GET /images/gif/bicsi.gif HTTP/1.1" 200 3482 "http://www.atekcommunications.com/atekwireless.html" "Mozilla/4.0 (compatible; MSIE 7.0; Windows NT 5.1; .NET CLR 1.0.3705; .NET CLR 1.1.4322; Media Center PC 4.0; MSN 9.0;MSN 9.1; MSNbVZ02; MSNmen-us; MSNcOTH)"
74.6.68.46 - - [21/Feb/2007:01:56:36 -0600] "GET /ATS-FiberPricing.pdf HTTP/1.0" 200 20822 "-" "Mozilla/5.0 (compatible; Yahoo! Slurp; http://help.yahoo.com/help/us/ysearch/slurp)"
74.6.74.217 - - [21/Feb/2007:01:59:32 -0600] "GET /MT-RJmm.htm HTTP/1.0" 304 - "-" "Mozilla/5.0 (compatible; Yahoo! Slurp; http://help.yahoo.com/help/us/ysearch/slurp)"
74.6.71.84 - - [21/Feb/2007:01:59:53 -0600] "GET /atekcatv.html HTTP/1.0" 304 - "-" "Mozilla/5.0 (compatible; Yahoo! Slurp; http://help.yahoo.com/help/us/ysearch/slurp)"
72.30.177.94 - - [21/Feb/2007:02:00:53 -0600] "GET /robots.txt HTTP/1.0" 404 299 "-" "Mozilla/5.0 (compatible; Yahoo! Slurp; http://help.yahoo.com/help/us/ysearch/slurp)"
74.6.70.156 - - [21/Feb/2007:02:00:54 -0600] "GET /atekftth.html HTTP/1.0" 200 39522 "-" "Mozilla/5.0 (compatible; Yahoo! Slurp; http://help.yahoo.com/help/us/ysearch/slurp)"
65.55.212.92 - - [21/Feb/2007:02:02:13 -0600] "GET /fiber.htm HTTP/1.0" 200 120356 "-" "msnbot-media/1.0 (+http://search.msn.com/msnbot.htm)"
65.55.212.92 - - [21/Feb/2007:02:02:33 -0600] "GET /vanguard.htm HTTP/1.0" 200 24216 "-" "msnbot-media/1.0 (+http://search.msn.com/msnbot.htm)"
74.6.69.222 - - [21/Feb/2007:02:05:58 -0600] "GET /atek-STOCKTON-cablinginstallations.htm HTTP/1.0" 200 56679 "-" "Mozilla/5.0 (compatible; Yahoo! Slurp; http://help.yahoo.com/help/us/ysearch/slurp)"
66.249.65.51 - - [21/Feb/2007:02:09:05 -0600] "GET /opterna.htm HTTP/1.1" 200 6173 "-" "Mozilla/5.0 (compatible; Googlebot/2.1; +http://www.google.com/bot.html)"
65.55.212.92 - - [21/Feb/2007:02:12:28 -0600] "GET /products.php?Category=FiberOpticEnclosures HTTP/1.0" 200 53055 "-" "msnbot-media/1.0 (+http://search.msn.com/msnbot.htm)"
65.55.212.92 - - [21/Feb/2007:02:17:31 -0600] "GET /patchpan.htm HTTP/1.0" 200 34503 "-" "msnbot-media/1.0 (+http://search.msn.com/msnbot.htm)"
65.214.44.131 - - [21/Feb/2007:02:18:31 -0600] "GET /robots.txt HTTP/1.0" 404 303 "-" "Mozilla/2.0 (compatible; Ask Jeeves/Teoma; +http://about.ask.com/en/docs/about/webmasters.shtml)"
65.214.44.131 - - [21/Feb/2007:02:18:35 -0600] "GET / HTTP/1.0" 200 61139 "-" "Mozilla/2.0 (compatible; Ask Jeeves/Teoma; +http://about.ask.com/en/docs/about/webmasters.shtml)"
213.42.21.76 - - [21/Feb/2007:02:19:28 -0600] "GET /smart_home_features.html HTTP/1.1" 200 43182 "-" "Mozilla/4.0 (compatible; MSIE 6.0; Windows NT 5.1; SV1; .NET CLR 1.1.4322)"
213.42.21.76 - - [21/Feb/2007:02:19:31 -0600] "GET /favicon.ico HTTP/1.1" 404 304 "-" "Mozilla/4.0 (compatible; MSIE 6.0; Windows NT 5.1; SV1; .NET CLR 1.1.4322)"
213.42.21.76 - - [21/Feb/2007:02:19:37 -0600] "GET /images/gif/bg.gif HTTP/1.1" 200 164 "http://www.atekcommunications.com/smart_home_features.html" "Mozilla/4.0 (compatible; MSIE 6.0; Windows NT 5.1; SV1; .NET CLR 1.1.4322)"
213.42.21.76 - - [21/Feb/2007:02:19:39 -0600] "GET /nav/atek.gif HTTP/1.1" 200 8355 "http://www.atekcommunications.com/smart_home_features.html" "Mozilla/4.0 (compatible; MSIE 6.0; Windows NT 5.1; SV1; .NET CLR 1.1.4322)"
76.171.249.242 - - [21/Feb/2007:02:28:40 -0600] "GET /atek-commercialcabling.htm HTTP/1.1" 200 38231 "http://search.yahoo.com/search?p=structured+wiring+contractor&ei=UTF-8&pstart=1&fr=yfp-t-501&b=31" "Mozilla/4.0 (compatible; MSIE 7.0; Windows NT 5.1; .NET CLR 1.1.4322; .NET CLR 2.0.50727)"
76.171.249.242 - - [21/Feb/2007:02:28:44 -0600] "GET /images/gif/bg.gif HTTP/1.1" 200 164 "http://www.atekcommunications.com/atek-commercialcabling.htm" "Mozilla/4.0 (compatible; MSIE 7.0; Windows NT 5.1; .NET CLR 1.1.4322; .NET CLR 2.0.50727)"
76.171.249.242 - - [21/Feb/2007:02:28:44 -0600] "GET /nav/atek.gif HTTP/1.1" 200 8355 "http://www.atekcommunications.com/atek-commercialcabling.htm" "Mozilla/4.0 (compatible; MSIE 7.0; Windows NT 5.1; .NET CLR 1.1.4322; .NET CLR 2.0.50727)"
76.171.249.242 - - [21/Feb/2007:02:28:47 -0600] "GET /nav/topr.gif HTTP/1.1" 200 1740 "http://www.atekcommunications.com/atek-commercialcabling.htm" "Mozilla/4.0 (compatible; MSIE 7.0; Windows NT 5.1; .NET CLR 1.1.4322; .NET CLR 2.0.50727)"
76.171.249.242 - - [21/Feb/2007:02:28:47 -0600] "GET /nav/wsmart.gif HTTP/1.1" 200 5369 "http://www.atekcommunications.com/atek-commercialcabling.htm" "Mozilla/4.0 (compatible; MSIE 7.0; Windows NT 5.1; .NET CLR 1.1.4322; .NET CLR 2.0.50727)"
76.171.249.242 - - [21/Feb/2007:02:28:50 -0600] "GET /nav/wcatalog.gif HTTP/1.1" 200 6632 "http://www.atekcommunications.com/atek-commercialcabling.htm" "Mozilla/4.0 (compatible; MSIE 7.0; Windows NT 5.1; .NET CLR 1.1.4322; .NET CLR 2.0.50727)"
76.171.249.242 - - [21/Feb/2007:02:28:50 -0600] "GET /nav/title.gif HTTP/1.1" 200 17003 "http://www.atekcommunications.com/atek-commercialcabling.htm" "Mozilla/4.0 (compatible; MSIE 7.0; Windows NT 5.1; .NET CLR 1.1.4322; .NET CLR 2.0.50727)"
76.171.249.242 - - [21/Feb/2007:02:28:53 -0600] "GET /nav/corner.gif HTTP/1.1" 200 838 "http://www.atekcommunications.com/atek-commercialcabling.htm" "Mozilla/4.0 (compatible; MSIE 7.0; Windows NT 5.1; .NET CLR 1.1.4322; .NET CLR 2.0.50727)"
76.171.249.242 - - [21/Feb/2007:02:28:56 -0600] "GET /nav/wcontact.gif HTTP/1.1" 200 5196 "http://www.atekcommunications.com/atek-commercialcabling.htm" "Mozilla/4.0 (compatible; MSIE 7.0; Windows NT 5.1; .NET CLR 1.1.4322; .NET CLR 2.0.50727)"
76.171.249.242 - - [21/Feb/2007:02:28:56 -0600] "GET /nav/line.gif HTTP/1.1" 200 170 "http://www.atekcommunications.com/atek-commercialcabling.htm" "Mozilla/4.0 (compatible; MSIE 7.0; Windows NT 5.1; .NET CLR 1.1.4322; .NET CLR 2.0.50727)"
74.6.72.178 - - [21/Feb/2007:02:29:16 -0600] "GET /compcables.htm HTTP/1.0" 304 - "-" "Mozilla/5.0 (compatible; Yahoo! Slurp; http://help.yahoo.com/help/us/ysearch/slurp)"
74.6.86.73 - - [21/Feb/2007:02:33:40 -0600] "GET /robots.txt HTTP/1.0" 404 303 "-" "Mozilla/5.0 (compatible; Yahoo! Slurp; http://help.yahoo.com/help/us/ysearch/slurp)"
74.6.87.113 - - [21/Feb/2007:02:33:41 -0600] "GET /edspec.htm HTTP/1.0" 200 33550 "-" "Mozilla/5.0 (compatible; Yahoo! Slurp; http://help.yahoo.com/help/us/ysearch/slurp)"
66.249.65.51 - - [21/Feb/2007:02:34:45 -0600] "GET /lasvegassmarthome.htm HTTP/1.1" 200 36088 "-" "Mozilla/5.0 (compatible; Googlebot/2.1; +http://www.google.com/bot.html)"
74.6.73.27 - - [21/Feb/2007:02:35:33 -0600] "GET /contact.php HTTP/1.0" 200 20098 "-" "Mozilla/5.0 (compatible; Yahoo! Slurp; http://help.yahoo.com/help/us/ysearch/slurp)"
65.55.212.92 - - [21/Feb/2007:02:37:55 -0600] "GET /contact.php HTTP/1.0" 200 20098 "-" "msnbot-media/1.0 (+http://search.msn.com/msnbot.htm)"
65.55.212.92 - - [21/Feb/2007:02:37:59 -0600] "GET /switches.htm HTTP/1.0" 200 25733 "-" "msnbot-media/1.0 (+http://search.msn.com/msnbot.htm)"
65.55.212.92 - - [21/Feb/2007:02:38:00 -0600] "GET /cables_coax.html HTTP/1.0" 200 20574 "-" "msnbot-media/1.0 (+http://search.msn.com/msnbot.htm)"
65.55.212.92 - - [21/Feb/2007:02:38:02 -0600] "GET /specials.htm HTTP/1.0" 200 34896 "-" "msnbot-media/1.0 (+http://search.msn.com/msnbot.htm)"
74.6.69.231 - - [21/Feb/2007:02:38:47 -0600] "GET /innerductplenum.htm HTTP/1.0" 200 71760 "-" "Mozilla/5.0 (compatible; Yahoo! Slurp; http://help.yahoo.com/help/us/ysearch/slurp)"
74.6.71.55 - - [21/Feb/2007:02:44:40 -0600] "GET /socalnortel.html HTTP/1.0" 200 62837 "-" "Mozilla/5.0 (compatible; Yahoo! Slurp; http://help.yahoo.com/help/us/ysearch/slurp)"
72.30.177.94 - - [21/Feb/2007:02:46:54 -0600] "GET /robots.txt HTTP/1.0" 404 299 "-" "Mozilla/5.0 (compatible; Yahoo! Slurp; http://help.yahoo.com/help/us/ysearch/slurp)"
74.6.69.155 - - [21/Feb/2007:02:46:56 -0600] "GET /otdr.htm HTTP/1.0" 200 22714 "-" "Mozilla/5.0 (compatible; Yahoo! Slurp; http://help.yahoo.com/help/us/ysearch/slurp)"
217.110.25.42 - - [21/Feb/2007:02:46:58 -0600] "GET /batm.htm HTTP/1.1" 200 330963 "-" "Mozilla/5.0 (Windows; U; Windows NT 5.1; en-US; rv:1.8.1.1) Gecko/20061204 Firefox/2.0.0.1"
217.110.25.42 - - [21/Feb/2007:02:47:08 -0600] "GET /favicon.ico HTTP/1.1" 404 304 "-" "Mozilla/5.0 (Windows; U; Windows NT 5.1; en-US; rv:1.8.1.1) Gecko/20061204 Firefox/2.0.0.1"
217.110.25.42 - - [21/Feb/2007:02:46:54 -0600] "GET /batm.htm HTTP/1.1" 200 330963 "-" "Mozilla/5.0 (Windows; U; Windows NT 5.1; en-US; rv:1.8.1.1) Gecko/20061204 Firefox/2.0.0.1"
74.6.75.36 - - [21/Feb/2007:02:56:25 -0600] "GET /robots.txt HTTP/1.0" 404 303 "-" "Mozilla/5.0 (compatible; Yahoo! Slurp; http://help.yahoo.com/help/us/ysearch/slurp)"
74.6.67.100 - - [21/Feb/2007:02:56:25 -0600] "GET /nationalftthinstallations.htm HTTP/1.0" 200 51703 "-" "Mozilla/5.0 (compatible; Yahoo! Slurp; http://help.yahoo.com/help/us/ysearch/slurp)"
74.6.69.141 - - [21/Feb/2007:02:58:32 -0600] "GET /cptelecom.pdf HTTP/1.0" 200 757498 "-" "Mozilla/5.0 (compatible; Yahoo! Slurp; http://help.yahoo.com/help/us/ysearch/slurp)"
74.6.70.125 - - [21/Feb/2007:03:07:41 -0600] "GET /fomultiplexers2.htm HTTP/1.0" 304 - "-" "Mozilla/5.0 (compatible; Yahoo! Slurp; http://help.yahoo.com/help/us/ysearch/slurp)"
66.249.65.51 - - [21/Feb/2007:03:08:13 -0600] "GET /swinggateracks.htm HTTP/1.1" 200 11421 "-" "Mozilla/5.0 (compatible; Googlebot/2.1; +http://www.google.com/bot.html)"
74.6.69.150 - - [21/Feb/2007:03:08:59 -0600] "GET /cableties.htm HTTP/1.0" 304 - "-" "Mozilla/5.0 (compatible; Yahoo! Slurp; http://help.yahoo.com/help/us/ysearch/slurp)"
65.55.212.92 - - [21/Feb/2007:03:11:13 -0600] "GET /images/edgelinkT5Compact_txt.gif HTTP/1.0" 200 - "-" "msnbot-media/1.0 (+http://search.msn.com/msnbot.htm)"
74.6.74.38 - - [21/Feb/2007:03:11:47 -0600] "GET /atek-systems-integrator.html HTTP/1.0" 304 - "-" "Mozilla/5.0 (compatible; Yahoo! Slurp; http://help.yahoo.com/help/us/ysearch/slurp)"
65.54.188.75 - - [21/Feb/2007:03:14:43 -0600] "GET /robots.txt HTTP/1.0" 404 303 "-" "msnbot/1.0 (+http://search.msn.com/msnbot.htm)"
65.54.188.75 - - [21/Feb/2007:03:14:43 -0600] "GET /smart_home_products.html HTTP/1.0" 200 24691 "-" "msnbot/1.0 (+http://search.msn.com/msnbot.htm)"
216.182.229.85 - - [21/Feb/2007:03:21:44 -0600] "GET /robots.txt HTTP/1.0" 404 303 "-" "complex_network_group/Nutch-0.9-dev (discovering the structure of the world-wide-web; http://cantor.ee.ucla.edu/~networks/crawl; nimakhaj@gmail.com)"
216.182.229.85 - - [21/Feb/2007:03:21:44 -0600] "GET / HTTP/1.0" 200 61139 "-" "complex_network_group/Nutch-0.9-dev (discovering the structure of the world-wide-web; http://cantor.ee.ucla.edu/~networks/crawl; nimakhaj@gmail.com)"
65.55.212.92 - - [21/Feb/2007:03:22:11 -0600] "GET /images/edgelinkt4t5_img.jpg HTTP/1.0" 200 - "-" "msnbot-media/1.0 (+http://search.msn.com/msnbot.htm)"
65.55.212.92 - - [21/Feb/2007:03:22:11 -0600] "GET /images/TELCOVDSL.gif HTTP/1.0" 200 19548 "-" "msnbot-media/1.0 (+http://search.msn.com/msnbot.htm)"
65.55.212.92 - - [21/Feb/2007:03:24:09 -0600] "GET /images/edgelinkT5Compact_img.jpg HTTP/1.0" 200 - "-" "msnbot-media/1.0 (+http://search.msn.com/msnbot.htm)"
65.55.212.92 - - [21/Feb/2007:03:24:55 -0600] "GET /edgegatecpe_img.jpg HTTP/1.0" 200 8335 "-" "msnbot-media/1.0 (+http://search.msn.com/msnbot.htm)"
74.6.72.178 - - [21/Feb/2007:03:25:54 -0600] "GET /winproxy.htm HTTP/1.0" 200 13683 "-" "Mozilla/5.0 (compatible; Yahoo! Slurp; http://help.yahoo.com/help/us/ysearch/slurp)"
66.249.65.51 - - [21/Feb/2007:03:31:05 -0600] "GET /lasvegasnetworkservices.htm HTTP/1.1" 200 48064 "-" "Mozilla/5.0 (compatible; Googlebot/2.1; +http://www.google.com/bot.html)"
66.249.65.51 - - [21/Feb/2007:03:32:12 -0600] "GET /lasvegaswireless.htm HTTP/1.1" 200 49691 "-" "Mozilla/5.0 (compatible; Googlebot/2.1; +http://www.google.com/bot.html)"
66.249.65.51 - - [21/Feb/2007:03:34:59 -0600] "GET /dupmodcoup.htm HTTP/1.1" 200 11628 "-" "Mozilla/5.0 (compatible; Googlebot/2.1; +http://www.google.com/bot.html)"
66.249.65.51 - - [21/Feb/2007:03:36:06 -0600] "GET /patchpanRM.htm HTTP/1.1" 200 33101 "-" "Mozilla/5.0 (compatible; Googlebot/2.1; +http://www.google.com/bot.html)"
72.30.177.94 - - [21/Feb/2007:03:36:46 -0600] "GET /robots.txt HTTP/1.0" 404 299 "-" "Mozilla/5.0 (compatible; Yahoo! Slurp; http://help.yahoo.com/help/us/ysearch/slurp)"
74.6.73.165 - - [21/Feb/2007:03:36:46 -0600] "GET /cables_die.html HTTP/1.0" 200 26586 "-" "Mozilla/5.0 (compatible; Yahoo! Slurp; http://help.yahoo.com/help/us/ysearch/slurp)"
74.6.73.248 - - [21/Feb/2007:03:39:36 -0600] "GET /mf5000spec.htm HTTP/1.0" 200 17745 "-" "Mozilla/5.0 (compatible; Yahoo! Slurp; http://help.yahoo.com/help/us/ysearch/slurp)"
74.6.68.171 - - [21/Feb/2007:03:50:03 -0600] "GET /hialeahcablingservices.html HTTP/1.0" 200 61512 "-" "Mozilla/5.0 (compatible; Yahoo! Slurp; http://help.yahoo.com/help/us/ysearch/slurp)"
65.55.212.92 - - [21/Feb/2007:03:52:05 -0600] "GET /EdgeLink-VDSL.jpg HTTP/1.0" 200 12612 "-" "msnbot-media/1.0 (+http://search.msn.com/msnbot.htm)"
65.55.212.92 - - [21/Feb/2007:03:52:51 -0600] "GET /ICMpanelnumberingPPNLB01.jpg HTTP/1.0" 200 4116 "-" "msnbot-media/1.0 (+http://search.msn.com/msnbot.htm)"
65.55.212.92 - - [21/Feb/2007:03:52:51 -0600] "GET /ICMPP024T6.jpg HTTP/1.0" 200 6320 "-" "msnbot-media/1.0 (+http://search.msn.com/msnbot.htm)"
65.55.212.92 - - [21/Feb/2007:03:53:31 -0600] "GET /hendryuniversal_acces_overview_2.gif HTTP/1.0" 200 5208 "-" "msnbot-media/1.0 (+http://search.msn.com/msnbot.htm)"
65.55.212.92 - - [21/Feb/2007:03:53:32 -0600] "GET /Kentroxhome_page_mvp2.jpeg HTTP/1.0" 200 10013 "-" "msnbot-media/1.0 (+http://search.msn.com/msnbot.htm)"
65.55.212.92 - - [21/Feb/2007:03:55:37 -0600] "GET /sqlsvr2kbox.jpg HTTP/1.0" 200 5386 "-" "msnbot-media/1.0 (+http://search.msn.com/msnbot.htm)"
65.55.212.92 - - [21/Feb/2007:03:55:38 -0600] "GET /navcorpbox.gif HTTP/1.0" 200 2876 "-" "msnbot-media/1.0 (+http://search.msn.com/msnbot.htm)"
65.55.212.92 - - [21/Feb/2007:03:55:38 -0600] "GET /CAT6ic1078l6whsmall.jpg HTTP/1.0" 200 38753 "-" "msnbot-media/1.0 (+http://search.msn.com/msnbot.htm)"
65.55.212.92 - - [21/Feb/2007:03:55:39 -0600] "GET /LadderRack_files/images/knetstorage/Black%20TekRak_sm.jpg HTTP/1.0" 200 15528 "-" "msnbot-media/1.0 (+http://search.msn.com/msnbot.htm)"
65.55.212.92 - - [21/Feb/2007:03:56:36 -0600] "GET /newtoncablerack.jpg HTTP/1.0" 404 312 "-" "msnbot-media/1.0 (+http://search.msn.com/msnbot.htm)"
65.55.212.92 - - [21/Feb/2007:03:59:19 -0600] "GET /Iccelcobackvoieeelvl3Patch.jpg HTTP/1.0" 200 2776 "-" "msnbot-media/1.0 (+http://search.msn.com/msnbot.htm)"
74.6.75.36 - - [21/Feb/2007:04:00:06 -0600] "GET /robots.txt HTTP/1.0" 404 303 "-" "Mozilla/5.0 (compatible; Yahoo! Slurp; http://help.yahoo.com/help/us/ysearch/slurp)"
74.6.69.123 - - [21/Feb/2007:04:00:07 -0600] "GET /lainterconnect.html HTTP/1.0" 304 - "-" "Mozilla/5.0 (compatible; Yahoo! Slurp; http://help.yahoo.com/help/us/ysearch/slurp)"
65.55.212.92 - - [21/Feb/2007:04:02:00 -0600] "GET /LadderRack_files/images/noyes/MLP4-2web.gif HTTP/1.0" 200 25845 "-" "msnbot-media/1.0 (+http://search.msn.com/msnbot.htm)"
74.6.75.36 - - [21/Feb/2007:04:03:53 -0600] "GET /robots.txt HTTP/1.0" 404 303 "-" "Mozilla/5.0 (compatible; Yahoo! Slurp; http://help.yahoo.com/help/us/ysearch/slurp)"
74.6.67.216 - - [21/Feb/2007:04:03:53 -0600] "GET /networking.html HTTP/1.0" 304 - "-" "Mozilla/5.0 (compatible; Yahoo! Slurp; http://help.yahoo.com/help/us/ysearch/slurp)"
74.6.67.71 - - [21/Feb/2007:04:07:19 -0600] "GET /atekGAINSVILLEcablingservices.html HTTP/1.0" 304 - "-" "Mozilla/5.0 (compatible; Yahoo! Slurp; http://help.yahoo.com/help/us/ysearch/slurp)"
65.55.212.92 - - [21/Feb/2007:04:07:58 -0600] "GET /iccnew48hingedICMPP48H5E.jpg HTTP/1.0" 200 8755 "-" "msnbot-media/1.0 (+http://search.msn.com/msnbot.htm)"
65.55.212.92 - - [21/Feb/2007:04:07:59 -0600] "GET /ICCrackcableMaindPG.jpeg HTTP/1.0" 200 72896 "-" "msnbot-media/1.0 (+http://search.msn.com/msnbot.htm)"
65.55.212.92 - - [21/Feb/2007:04:07:59 -0600] "GET /icc96ICMPP0965E.jpg HTTP/1.0" 200 10130 "-" "msnbot-media/1.0 (+http://search.msn.com/msnbot.htm)"
65.55.212.92 - - [21/Feb/2007:04:08:37 -0600] "GET /robots.txt HTTP/1.0" 404 303 "-" "msnbot-media/1.0 (+http://search.msn.com/msnbot.htm)"
65.55.212.92 - - [21/Feb/2007:04:08:37 -0600] "GET /kentrox01-03-068b-3.jpeg HTTP/1.0" 200 18709 "-" "msnbot-media/1.0 (+http://search.msn.com/msnbot.htm)"
65.55.212.92 - - [21/Feb/2007:04:08:37 -0600] "GET /hendrycab.jpg HTTP/1.0" 404 306 "-" "msnbot-media/1.0 (+http://search.msn.com/msnbot.htm)"
72.30.177.94 - - [21/Feb/2007:04:09:59 -0600] "GET /robots.txt HTTP/1.0" 404 299 "-" "Mozilla/5.0 (compatible; Yahoo! Slurp; http://help.yahoo.com/help/us/ysearch/slurp)"
74.6.68.16 - - [21/Feb/2007:04:10:00 -0600] "GET /smart_homes.html HTTP/1.0" 200 27749 "-" "Mozilla/5.0 (compatible; Yahoo! Slurp; http://help.yahoo.com/help/us/ysearch/slurp)"
65.55.212.92 - - [21/Feb/2007:04:10:19 -0600] "GET /pic1_2.jpg HTTP/1.0" 200 7626 "-" "msnbot-media/1.0 (+http://search.msn.com/msnbot.htm)"
65.55.212.92 - - [21/Feb/2007:04:10:19 -0600] "GET /LadderRack_files/images/noyes/OPM6-&-OLS-6_S_web.jpg HTTP/1.0" 200 29986 "-" "msnbot-media/1.0 (+http://search.msn.com/msnbot.htm)"
65.55.212.92 - - [21/Feb/2007:04:10:33 -0600] "GET /CAT6ic1078l6bl.jpg HTTP/1.0" 200 13421 "-" "msnbot-media/1.0 (+http://search.msn.com/msnbot.htm)"
65.55.212.92 - - [21/Feb/2007:04:11:08 -0600] "GET /singmode.htm HTTP/1.0" 200 207114 "-" "msnbot-media/1.0 (+http://search.msn.com/msnbot.htm)"
81.52.143.15 - - [21/Feb/2007:04:16:42 -0600] "GET /robots.txt HTTP/1.1" 404 303 "-" "Mozilla/4.0 (compatible; MSIE 5.0; Windows 95) VoilaBot BETA 1.2 (http://www.voila.com/)"
81.52.143.15 - - [21/Feb/2007:04:16:43 -0600] "GET /switches.html HTTP/1.1" 304 - "-" "Mozilla/4.0 (compatible; MSIE 5.0; Windows 95) VoilaBot BETA 1.2 (http://www.voila.com/)"
74.6.69.158 - - [21/Feb/2007:04:24:01 -0600] "GET /cable_systems.html HTTP/1.0" 304 - "-" "Mozilla/5.0 (compatible; Yahoo! Slurp; http://help.yahoo.com/help/us/ysearch/slurp)"
66.249.65.51 - - [21/Feb/2007:04:26:15 -0600] "GET /nationalfiberopticservices.htm HTTP/1.1" 200 49857 "-" "Mozilla/5.0 (compatible; Googlebot/2.1; +http://www.google.com/bot.html)"
66.249.65.51 - - [21/Feb/2007:04:26:51 -0600] "GET /invicta.htm HTTP/1.1" 404 304 "-" "Mozilla/5.0 (compatible; Googlebot/2.1; +http://www.google.com/bot.html)"
66.249.65.51 - - [21/Feb/2007:04:27:58 -0600] "GET /tampapbxinstallation.htm HTTP/1.1" 404 317 "-" "Mozilla/5.0 (compatible; Googlebot/2.1; +http://www.google.com/bot.html)"
66.249.65.51 - - [21/Feb/2007:04:28:01 -0600] "GET /fortlauderdalecablingservices.html HTTP/1.1" 200 61956 "-" "Mozilla/5.0 (compatible; Googlebot/2.1; +http://www.google.com/bot.html)"
66.249.65.51 - - [21/Feb/2007:04:28:03 -0600] "GET /nationalresidentialrollouts.htm HTTP/1.1" 200 51703 "-" "Mozilla/5.0 (compatible; Googlebot/2.1; +http://www.google.com/bot.html)"
81.52.143.16 - - [21/Feb/2007:04:29:58 -0600] "GET /robots.txt HTTP/1.1" 404 303 "-" "Mozilla/4.0 (compatible; MSIE 5.0; Windows 95) VoilaBot BETA 1.2 (http://www.voila.com/)"
81.52.143.16 - - [21/Feb/2007:04:29:59 -0600] "GET /surepower.html HTTP/1.1" 304 - "-" "Mozilla/4.0 (compatible; MSIE 5.0; Windows 95) VoilaBot BETA 1.2 (http://www.voila.com/)"
66.249.65.51 - - [21/Feb/2007:04:30:05 -0600] "GET /LadderRack.htm HTTP/1.1" 200 23244 "-" "Mozilla/5.0 (compatible; Googlebot/2.1; +http://www.google.com/bot.html)"
65.55.212.92 - - [21/Feb/2007:04:34:04 -0600] "GET /ICMPP048T6.jpg HTTP/1.0" 200 8021 "-" "msnbot-media/1.0 (+http://search.msn.com/msnbot.htm)"
65.55.212.92 - - [21/Feb/2007:04:34:04 -0600] "GET /ICMcablemgtbarPP25CMB.jpg HTTP/1.0" 200 4575 "-" "msnbot-media/1.0 (+http://search.msn.com/msnbot.htm)"
65.55.212.92 - - [21/Feb/2007:04:34:04 -0600] "GET /icc72portICMPP0725E.jpg HTTP/1.0" 200 9746 "-" "msnbot-media/1.0 (+http://search.msn.com/msnbot.htm)"
65.55.212.92 - - [21/Feb/2007:04:34:04 -0600] "GET /icc12portICMPP12V5E.jpg HTTP/1.0" 200 5792 "-" "msnbot-media/1.0 (+http://search.msn.com/msnbot.htm)"
65.55.212.92 - - [21/Feb/2007:04:34:04 -0600] "GET /newtonsymrackweb.gif HTTP/1.0" 404 313 "-" "msnbot-media/1.0 (+http://search.msn.com/msnbot.htm)"
65.55.212.92 - - [21/Feb/2007:04:34:05 -0600] "GET /bnr-xpboxpro.gif HTTP/1.0" 200 6838 "-" "msnbot-media/1.0 (+http://search.msn.com/msnbot.htm)"
65.55.212.92 - - [21/Feb/2007:04:34:05 -0600] "GET /CAT6Insert6890.jpg HTTP/1.0" 200 7348 "-" "msnbot-media/1.0 (+http://search.msn.com/msnbot.htm)"
65.55.212.92 - - [21/Feb/2007:04:34:05 -0600] "GET /LadderRack_files/images/5064.jpg HTTP/1.0" 200 8472 "-" "msnbot-media/1.0 (+http://search.msn.com/msnbot.htm)"
65.55.212.92 - - [21/Feb/2007:04:34:05 -0600] "GET /LadderRack_files/images/knetstorage/enc_sidebyside_sm.jpg HTTP/1.0" 200 4761 "-" "msnbot-media/1.0 (+http://search.msn.com/msnbot.htm)"
65.55.212.92 - - [21/Feb/2007:04:34:05 -0600] "GET /win2kserv.jpg HTTP/1.0" 200 3833 "-" "msnbot-media/1.0 (+http://search.msn.com/msnbot.htm)"
65.55.212.92 - - [21/Feb/2007:04:34:06 -0600] "GET /LadderRack_files/images/DBC1899.jpg HTTP/1.0" 200 7005 "-" "msnbot-media/1.0 (+http://search.msn.com/msnbot.htm)"
65.55.212.92 - - [21/Feb/2007:04:34:06 -0600] "GET /transportsplash.jpg HTTP/1.0" 200 20910 "-" "msnbot-media/1.0 (+http://search.msn.com/msnbot.htm)"
65.55.212.92 - - [21/Feb/2007:04:34:06 -0600] "GET /corporate.htm HTTP/1.0" 200 15927 "-" "msnbot-media/1.0 (+http://search.msn.com/msnbot.htm)"
65.55.212.92 - - [21/Feb/2007:04:34:07 -0600] "GET /chromatic_inout.html HTTP/1.0" 200 23929 "-" "msnbot-media/1.0 (+http://search.msn.com/msnbot.htm)"
65.55.212.92 - - [21/Feb/2007:04:34:07 -0600] "GET /egig.htm HTTP/1.0" 200 17022 "-" "msnbot-media/1.0 (+http://search.msn.com/msnbot.htm)"
65.55.212.92 - - [21/Feb/2007:04:34:08 -0600] "GET /fiberoptichomepage.htm HTTP/1.0" 200 47412 "-" "msnbot-media/1.0 (+http://search.msn.com/msnbot.htm)"
65.55.212.92 - - [21/Feb/2007:04:34:32 -0600] "GET /fotransmission.htm HTTP/1.0" 200 26998 "-" "msnbot-media/1.0 (+http://search.msn.com/msnbot.htm)"
74.6.73.77 - - [21/Feb/2007:04:35:16 -0600] "GET /biometricsecurity.html HTTP/1.0" 304 - "-" "Mozilla/5.0 (compatible; Yahoo! Slurp; http://help.yahoo.com/help/us/ysearch/slurp)"
66.249.65.51 - - [21/Feb/2007:04:36:26 -0600] "GET /atekosp.html HTTP/1.1" 200 49707 "-" "Mozilla/5.0 (compatible; Googlebot/2.1; +http://www.google.com/bot.html)"
66.249.65.51 - - [21/Feb/2007:04:37:23 -0600] "GET /manbar.htm HTTP/1.1" 200 10824 "-" "Mozilla/5.0 (compatible; Googlebot/2.1; +http://www.google.com/bot.html)"
66.249.65.51 - - [21/Feb/2007:04:37:27 -0600] "GET /contact.php HTTP/1.1" 200 20098 "-" "Mozilla/5.0 (compatible; Googlebot/2.1; +http://www.google.com/bot.html)"
66.249.65.51 - - [21/Feb/2007:04:37:31 -0600] "GET /products.php?Category=SOHO HTTP/1.1" 200 53055 "-" "Mozilla/5.0 (compatible; Googlebot/2.1; +http://www.google.com/bot.html)"
74.6.74.28 - - [21/Feb/2007:04:39:37 -0600] "GET /prodflash.htm HTTP/1.0" 404 306 "-" "Mozilla/5.0 (compatible; Yahoo! Slurp; http://help.yahoo.com/help/us/ysearch/slurp)"
66.249.65.51 - - [21/Feb/2007:04:40:04 -0600] "GET /endusers.html HTTP/1.1" 200 39341 "-" "Mozilla/5.0 (compatible; Googlebot/2.1; +http://www.google.com/bot.html)"
81.52.143.16 - - [21/Feb/2007:04:40:39 -0600] "GET /robots.txt HTTP/1.1" 404 303 "-" "Mozilla/4.0 (compatible; MSIE 5.0; Windows 95) VoilaBot BETA 1.2 (http://www.voila.com/)"
81.52.143.16 - - [21/Feb/2007:04:40:41 -0600] "GET /atekcatv.html HTTP/1.1" 200 46791 "-" "Mozilla/4.0 (compatible; MSIE 5.0; Windows 95) VoilaBot BETA 1.2 (http://www.voila.com/)"
81.52.143.15 - - [21/Feb/2007:04:44:56 -0600] "GET /robots.txt HTTP/1.1" 404 303 "-" "Mozilla/4.0 (compatible; MSIE 5.0; Windows 95) VoilaBot BETA 1.2 (http://www.voila.com/)"
