69.111.224.72 - - [21/Feb/2007:05:14:42 -0600] "GET /LadderRack_files/images/alliedtelelogo.gif HTTP/1.1" 200 3610 "http://www.atekcommunications.com/lasvegasdslservices.htm" "Mozilla/5.0 (Windows; U; Windows NT 5.1; en-US; rv:1.8.0.9) Gecko/20061206 Firefox/1.5.0.9"
69.111.224.72 - - [21/Feb/2007:05:14:42 -0600] "GET /dillogo.jpg HTTP/1.1" 200 13478 "http://www.atekcommunications.com/lasvegasdslservices.htm" "Mozilla/5.0 (Windows; U; Windows NT 5.1; en-US; rv:1.8.0.9) Gecko/20061206 Firefox/1.5.0.9"
69.111.224.72 - - [21/Feb/2007:05:14:43 -0600] "GET /nav/gcatalog.gif HTTP/1.1" 200 6630 "http://www.atekcommunications.com/lasvegasdslservices.htm" "Mozilla/5.0 (Windows; U; Windows NT 5.1; en-US; rv:1.8.0.9) Gecko/20061206 Firefox/1.5.0.9"
69.111.224.72 - - [21/Feb/2007:05:14:43 -0600] "GET /nav/gsmart.gif HTTP/1.1" 200 5301 "http://www.atekcommunications.com/lasvegasdslservices.htm" "Mozilla/5.0 (Windows; U; Windows NT 5.1; en-US; rv:1.8.0.9) Gecko/20061206 Firefox/1.5.0.9"
69.111.224.72 - - [21/Feb/2007:05:14:43 -0600] "GET /nav/contact2.gif HTTP/1.1" 200 2558 "http://www.atekcommunications.com/lasvegasdslservices.htm" "Mozilla/5.0 (Windows; U; Windows NT 5.1; en-US; rv:1.8.0.9) Gecko/20061206 Firefox/1.5.0.9"
69.111.224.72 - - [21/Feb/2007:05:14:43 -0600] "GET /nav/about2.gif HTTP/1.1" 200 2661 "http://www.atekcommunications.com/lasvegasdslservices.htm" "Mozilla/5.0 (Windows; U; Windows NT 5.1; en-US; rv:1.8.0.9) Gecko/20061206 Firefox/1.5.0.9"
69.111.224.72 - - [21/Feb/2007:05:14:43 -0600] "GET /nav/employ2.gif HTTP/1.1" 200 2727 "http://www.atekcommunications.com/lasvegasdslservices.htm" "Mozilla/5.0 (Windows; U; Windows NT 5.1; en-US; rv:1.8.0.9) Gecko/20061206 Firefox/1.5.0.9"
69.111.224.72 - - [21/Feb/2007:05:14:43 -0600] "GET /nav/gcontact.gif HTTP/1.1" 200 5063 "http://www.atekcommunications.com/lasvegasdslservices.htm" "Mozilla/5.0 (Windows; U; Windows NT 5.1; en-US; rv:1.8.0.9) Gecko/20061206 Firefox/1.5.0.9"
69.111.224.72 - - [21/Feb/2007:05:14:43 -0600] "GET /nav/gov2.gif HTTP/1.1" 200 2618 "http://www.atekcommunications.com/lasvegasdslservices.htm" "Mozilla/5.0 (Windows; U; Windows NT 5.1; en-US; rv:1.8.0.9) Gecko/20061206 Firefox/1.5.0.9"
69.111.224.72 - - [21/Feb/2007:05:14:43 -0600] "GET /nav/mission2.gif HTTP/1.1" 200 2178 "http://www.atekcommunications.com/lasvegasdslservices.htm" "Mozilla/5.0 (Windows; U; Windows NT 5.1; en-US; rv:1.8.0.9) Gecko/20061206 Firefox/1.5.0.9"
69.111.224.72 - - [21/Feb/2007:05:14:43 -0600] "GET /nav/features2.gif HTTP/1.1" 200 2192 "http://www.atekcommunications.com/lasvegasdslservices.htm" "Mozilla/5.0 (Windows; U; Windows NT 5.1; en-US; rv:1.8.0.9) Gecko/20061206 Firefox/1.5.0.9"
69.111.224.72 - - [21/Feb/2007:05:14:43 -0600] "GET /nav/products2.gif HTTP/1.1" 200 2291 "http://www.atekcommunications.com/lasvegasdslservices.htm" "Mozilla/5.0 (Windows; U; Windows NT 5.1; en-US; rv:1.8.0.9) Gecko/20061206 Firefox/1.5.0.9"
69.111.224.72 - - [21/Feb/2007:05:14:43 -0600] "GET /nav/smarthomes2.gif HTTP/1.1" 200 2796 "http://www.atekcommunications.com/lasvegasdslservices.htm" "Mozilla/5.0 (Windows; U; Windows NT 5.1; en-US; rv:1.8.0.9) Gecko/20061206 Firefox/1.5.0.9"
69.111.224.72 - - [21/Feb/2007:05:14:43 -0600] "GET /nav/build2.gif HTTP/1.1" 200 2252 "http://www.atekcommunications.com/lasvegasdslservices.htm" "Mozilla/5.0 (Windows; U; Windows NT 5.1; en-US; rv:1.8.0.9) Gecko/20061206 Firefox/1.5.0.9"
69.111.224.72 - - [21/Feb/2007:05:14:43 -0600] "GET /nav/cabling2.gif HTTP/1.1" 200 2208 "http://www.atekcommunications.com/lasvegasdslservices.htm" "Mozilla/5.0 (Windows; U; Windows NT 5.1; en-US; rv:1.8.0.9) Gecko/20061206 Firefox/1.5.0.9"
69.111.224.72 - - [21/Feb/2007:05:14:43 -0600] "GET /nav/fiber2.gif HTTP/1.1" 200 2704 "http://www.atekcommunications.com/lasvegasdslservices.htm" "Mozilla/5.0 (Windows; U; Windows NT 5.1; en-US; rv:1.8.0.9) Gecko/20061206 Firefox/1.5.0.9"
69.111.224.72 - - [21/Feb/2007:05:14:43 -0600] "GET /nav/misc2.gif HTTP/1.1" 200 2825 "http://www.atekcommunications.com/lasvegasdslservices.htm" "Mozilla/5.0 (Windows; U; Windows NT 5.1; en-US; rv:1.8.0.9) Gecko/20061206 Firefox/1.5.0.9"
69.111.224.72 - - [21/Feb/2007:05:14:44 -0600] "GET /nav/multimedia2.gif HTTP/1.1" 200 2562 "http://www.atekcommunications.com/lasvegasdslservices.htm" "Mozilla/5.0 (Windows; U; Windows NT 5.1; en-US; rv:1.8.0.9) Gecko/20061206 Firefox/1.5.0.9"
69.111.224.72 - - [21/Feb/2007:05:14:44 -0600] "GET /nav/networking2.gif HTTP/1.1" 200 2610 "http://www.atekcommunications.com/lasvegasdslservices.htm" "Mozilla/5.0 (Windows; U; Windows NT 5.1; en-US; rv:1.8.0.9) Gecko/20061206 Firefox/1.5.0.9"
69.111.224.72 - - [21/Feb/2007:05:14:44 -0600] "GET /nav/security2.gif HTTP/1.1" 200 2208 "http://www.atekcommunications.com/lasvegasdslservices.htm" "Mozilla/5.0 (Windows; U; Windows NT 5.1; en-US; rv:1.8.0.9) Gecko/20061206 Firefox/1.5.0.9"
69.111.224.72 - - [21/Feb/2007:05:14:44 -0600] "GET /favicon.ico HTTP/1.1" 404 304 "-" "Mozilla/5.0 (Windows; U; Windows NT 5.1; en-US; rv:1.8.0.9) Gecko/20061206 Firefox/1.5.0.9"
69.111.224.72 - - [21/Feb/2007:05:14:44 -0600] "GET /nav/switches2.gif HTTP/1.1" 200 2324 "http://www.atekcommunications.com/lasvegasdslservices.htm" "Mozilla/5.0 (Windows; U; Windows NT 5.1; en-US; rv:1.8.0.9) Gecko/20061206 Firefox/1.5.0.9"
69.111.224.72 - - [21/Feb/2007:05:14:44 -0600] "GET /nav/standards2.gif HTTP/1.1" 200 2450 "http://www.atekcommunications.com/lasvegasdslservices.htm" "Mozilla/5.0 (Windows; U; Windows NT 5.1; en-US; rv:1.8.0.9) Gecko/20061206 Firefox/1.5.0.9"
69.111.224.72 - - [21/Feb/2007:05:14:44 -0600] "GET /nav/surepower2.gif HTTP/1.1" 200 2448 "http://www.atekcommunications.com/lasvegasdslservices.htm" "Mozilla/5.0 (Windows; U; Windows NT 5.1; en-US; rv:1.8.0.9) Gecko/20061206 Firefox/1.5.0.9"
69.111.224.72 - - [21/Feb/2007:05:14:44 -0600] "GET /nav/tele2.gif HTTP/1.1" 200 2599 "http://www.atekcommunications.com/lasvegasdslservices.htm" "Mozilla/5.0 (Windows; U; Windows NT 5.1; en-US; rv:1.8.0.9) Gecko/20061206 Firefox/1.5.0.9"
69.111.224.72 - - [21/Feb/2007:05:15:26 -0600] "GET /nav/serv1.gif HTTP/1.1" 200 2901 "http://www.atekcommunications.com/lasvegasfiberinstallations.htm" "Mozilla/5.0 (Windows; U; Windows NT 5.1; en-US; rv:1.8.0.9) Gecko/20061206 Firefox/1.5.0.9"
69.111.224.72 - - [21/Feb/2007:05:15:26 -0600] "GET /nav/catalog1.gif HTTP/1.1" 200 2724 "http://www.atekcommunications.com/lasvegasfiberinstallations.htm" "Mozilla/5.0 (Windows; U; Windows NT 5.1; en-US; rv:1.8.0.9) Gecko/20061206 Firefox/1.5.0.9"
69.111.224.72 - - [21/Feb/2007:05:15:26 -0600] "GET /nav/home1.gif HTTP/1.1" 200 824 "http://www.atekcommunications.com/lasvegasfiberinstallations.htm" "Mozilla/5.0 (Windows; U; Windows NT 5.1; en-US; rv:1.8.0.9) Gecko/20061206 Firefox/1.5.0.9"
69.111.224.72 - - [21/Feb/2007:05:15:25 -0600] "GET /lasvegasfiberinstallations.htm HTTP/1.1" 200 43160 "http://www.atekcommunications.com/lasvegasdslservices.htm" "Mozilla/5.0 (Windows; U; Windows NT 5.1; en-US; rv:1.8.0.9) Gecko/20061206 Firefox/1.5.0.9"
69.111.224.72 - - [21/Feb/2007:05:15:26 -0600] "GET /movinginnerductprodani.gif HTTP/1.1" 200 20328 "http://www.atekcommunications.com/lasvegasfiberinstallations.htm" "Mozilla/5.0 (Windows; U; Windows NT 5.1; en-US; rv:1.8.0.9) Gecko/20061206 Firefox/1.5.0.9"
69.111.224.72 - - [21/Feb/2007:05:15:26 -0600] "GET /cableguide14750543mulegun.jpeg HTTP/1.1" 200 13992 "http://www.atekcommunications.com/lasvegasfiberinstallations.htm" "Mozilla/5.0 (Windows; U; Windows NT 5.1; en-US; rv:1.8.0.9) Gecko/20061206 Firefox/1.5.0.9"
69.111.224.72 - - [21/Feb/2007:05:15:26 -0600] "GET /networkimage112.jpg HTTP/1.1" 200 28038 "http://www.atekcommunications.com/lasvegasfiberinstallations.htm" "Mozilla/5.0 (Windows; U; Windows NT 5.1; en-US; rv:1.8.0.9) Gecko/20061206 Firefox/1.5.0.9"
69.111.224.72 - - [21/Feb/2007:05:15:26 -0600] "GET /hightechfibertelshot.JPG HTTP/1.1" 200 55372 "http://www.atekcommunications.com/lasvegasfiberinstallations.htm" "Mozilla/5.0 (Windows; U; Windows NT 5.1; en-US; rv:1.8.0.9) Gecko/20061206 Firefox/1.5.0.9"
69.111.224.72 - - [21/Feb/2007:05:15:28 -0600] "GET /nav/home2.gif HTTP/1.1" 200 824 "http://www.atekcommunications.com/lasvegasfiberinstallations.htm" "Mozilla/5.0 (Windows; U; Windows NT 5.1; en-US; rv:1.8.0.9) Gecko/20061206 Firefox/1.5.0.9"
69.111.224.72 - - [21/Feb/2007:05:15:28 -0600] "GET /nav/catalog2.gif HTTP/1.1" 200 2745 "http://www.atekcommunications.com/lasvegasfiberinstallations.htm" "Mozilla/5.0 (Windows; U; Windows NT 5.1; en-US; rv:1.8.0.9) Gecko/20061206 Firefox/1.5.0.9"
69.111.224.72 - - [21/Feb/2007:05:16:12 -0600] "GET /employment_opportunities.html HTTP/1.1" 200 20458 "http://www.atekcommunications.com/lasvegasdslservices.htm" "Mozilla/5.0 (Windows; U; Windows NT 5.1; en-US; rv:1.8.0.9) Gecko/20061206 Firefox/1.5.0.9"
69.111.224.72 - - [21/Feb/2007:05:16:13 -0600] "GET /worker_pic.gif HTTP/1.1" 200 9222 "http://www.atekcommunications.com/employment_opportunities.html" "Mozilla/5.0 (Windows; U; Windows NT 5.1; en-US; rv:1.8.0.9) Gecko/20061206 Firefox/1.5.0.9"
66.249.65.51 - - [21/Feb/2007:05:18:07 -0600] "GET /sarasotacablingservices.html HTTP/1.1" 200 61491 "-" "Mozilla/5.0 (compatible; Googlebot/2.1; +http://www.google.com/bot.html)"
74.6.75.36 - - [21/Feb/2007:05:21:13 -0600] "GET /robots.txt HTTP/1.0" 404 303 "-" "Mozilla/5.0 (compatible; Yahoo! Slurp; http://help.yahoo.com/help/us/ysearch/slurp)"
74.6.72.229 - - [21/Feb/2007:05:21:13 -0600] "GET /contact.htm HTTP/1.0" 200 30584 "-" "Mozilla/5.0 (compatible; Yahoo! Slurp; http://help.yahoo.com/help/us/ysearch/slurp)"
74.6.73.170 - - [21/Feb/2007:05:24:40 -0600] "GET /hfdpp.htm HTTP/1.0" 304 - "-" "Mozilla/5.0 (compatible; Yahoo! Slurp; http://help.yahoo.com/help/us/ysearch/slurp)"
66.249.65.51 - - [21/Feb/2007:05:36:11 -0600] "GET /fiberopticstrippers.htm HTTP/1.1" 200 28195 "-" "Mozilla/5.0 (compatible; Googlebot/2.1; +http://www.google.com/bot.html)"
66.249.65.51 - - [21/Feb/2007:05:38:44 -0600] "GET /vanguards320homeoffice.htm HTTP/1.1" 200 25032 "-" "Mozilla/5.0 (compatible; Googlebot/2.1; +http://www.google.com/bot.html)"
66.249.65.51 - - [21/Feb/2007:05:39:05 -0600] "GET /innerductpricing.htm HTTP/1.1" 200 106142 "-" "Mozilla/5.0 (compatible; Googlebot/2.1; +http://www.google.com/bot.html)"
81.52.143.16 - - [21/Feb/2007:05:42:59 -0600] "GET /robots.txt HTTP/1.1" 404 303 "-" "Mozilla/4.0 (compatible; MSIE 5.0; Windows 95) VoilaBot BETA 1.2 (http://www.voila.com/)"
81.52.143.16 - - [21/Feb/2007:05:43:01 -0600] "GET /interconnect.html HTTP/1.1" 200 63482 "-" "Mozilla/4.0 (compatible; MSIE 5.0; Windows 95) VoilaBot BETA 1.2 (http://www.voila.com/)"
81.52.143.16 - - [21/Feb/2007:05:47:59 -0600] "GET /robots.txt HTTP/1.1" 404 303 "-" "Mozilla/4.0 (compatible; MSIE 5.0; Windows 95) VoilaBot BETA 1.2 (http://www.voila.com/)"
81.52.143.16 - - [21/Feb/2007:05:48:01 -0600] "GET /index.html HTTP/1.1" 200 61139 "-" "Mozilla/4.0 (compatible; MSIE 5.0; Windows 95) VoilaBot BETA 1.2 (http://www.voila.com/)"
65.55.212.92 - - [21/Feb/2007:05:49:15 -0600] "GET /callprocessing,htm HTTP/1.0" 404 311 "-" "msnbot-media/1.0 (+http://search.msn.com/msnbot.htm)"
66.249.65.51 - - [21/Feb/2007:05:55:48 -0600] "GET /AFS200powermeter.htm HTTP/1.1" 200 19503 "-" "Mozilla/5.0 (compatible; Googlebot/2.1; +http://www.google.com/bot.html)"
65.55.212.92 - - [21/Feb/2007:05:57:48 -0600] "GET /standards/mesa/ HTTP/1.0" 404 308 "-" "msnbot-media/1.0 (+http://search.msn.com/msnbot.htm)"
74.6.75.36 - - [21/Feb/2007:06:01:35 -0600] "GET /robots.txt HTTP/1.0" 404 303 "-" "Mozilla/5.0 (compatible; Yahoo! Slurp; http://help.yahoo.com/help/us/ysearch/slurp)"
72.30.177.227 - - [21/Feb/2007:06:01:45 -0600] "GET /modcoup.htm HTTP/1.0" 200 11784 "-" "Mozilla/5.0 (compatible; Yahoo! Slurp; http://help.yahoo.com/help/us/ysearch/slurp)"
81.52.143.16 - - [21/Feb/2007:06:03:00 -0600] "GET /robots.txt HTTP/1.1" 404 303 "-" "Mozilla/4.0 (compatible; MSIE 5.0; Windows 95) VoilaBot BETA 1.2 (http://www.voila.com/)"
81.52.143.16 - - [21/Feb/2007:06:03:01 -0600] "GET /Floridafiberopticcableinstallations.html HTTP/1.1" 304 - "-" "Mozilla/4.0 (compatible; MSIE 5.0; Windows 95) VoilaBot BETA 1.2 (http://www.voila.com/)"
74.6.74.159 - - [21/Feb/2007:06:05:06 -0600] "GET /cxr/AJ%2520Cyber%2520Connect%2520Router%2520Series_files/ HTTP/1.0" 200 907 "-" "Mozilla/5.0 (compatible; Yahoo! Slurp; http://help.yahoo.com/help/us/ysearch/slurp)"
66.249.65.51 - - [21/Feb/2007:06:11:23 -0600] "GET /dilrunten.htm HTTP/1.1" 200 32916 "-" "Mozilla/5.0 (compatible; Googlebot/2.1; +http://www.google.com/bot.html)"
81.52.143.15 - - [21/Feb/2007:06:17:36 -0600] "GET /robots.txt HTTP/1.1" 404 303 "-" "Mozilla/4.0 (compatible; MSIE 5.0; Windows 95) VoilaBot BETA 1.2 (http://www.voila.com/)"
81.52.143.15 - - [21/Feb/2007:06:17:37 -0600] "GET / HTTP/1.1" 200 61139 "-" "Mozilla/4.0 (compatible; MSIE 5.0; Windows 95) VoilaBot BETA 1.2 (http://www.voila.com/)"
81.52.143.16 - - [21/Feb/2007:06:19:25 -0600] "GET /robots.txt HTTP/1.1" 404 303 "-" "Mozilla/4.0 (compatible; MSIE 5.0; Windows 95) VoilaBot BETA 1.2 (http://www.voila.com/)"
81.52.143.16 - - [21/Feb/2007:06:19:26 -0600] "GET /standards.html HTTP/1.1" 304 - "-" "Mozilla/4.0 (compatible; MSIE 5.0; Windows 95) VoilaBot BETA 1.2 (http://www.voila.com/)"
74.6.67.152 - - [21/Feb/2007:06:20:01 -0600] "GET /cxr/AJ%20DSU-CSUs_files/?S=A HTTP/1.0" 200 1460 "-" "Mozilla/5.0 (compatible; Yahoo! Slurp; http://help.yahoo.com/help/us/ysearch/slurp)"
64.5.245.27 - - [21/Feb/2007:06:30:03 -0600] "GET /robots.txt HTTP/1.0" 404 303 "-" "genieBot (wgao@genieknows.com)"
64.5.245.27 - - [21/Feb/2007:06:30:03 -0600] "GET /atek-SANTACLARAbayareacablinginstallations.htm HTTP/1.0" 200 56761 "-" "genieBot wgao@genieknows.com"
65.55.212.92 - - [21/Feb/2007:06:33:24 -0600] "GET /IC630S44IV.jpg HTTP/1.0" 200 5220 "-" "msnbot-media/1.0 (+http://search.msn.com/msnbot.htm)"
65.55.212.92 - - [21/Feb/2007:06:33:24 -0600] "GET /IC630EGGIV.jpg HTTP/1.0" 200 4910 "-" "msnbot-media/1.0 (+http://search.msn.com/msnbot.htm)"
64.5.245.27 - - [21/Feb/2007:06:33:49 -0600] "GET /atek-CUPERTINOareacablinginstallations.htm HTTP/1.0" 200 55823 "-" "genieBot wgao@genieknows.com"
65.55.212.92 - - [21/Feb/2007:06:33:49 -0600] "GET /Anritsumw9076.jpg HTTP/1.0" 200 8750 "-" "msnbot-media/1.0 (+http://search.msn.com/msnbot.htm)"
65.55.212.92 - - [21/Feb/2007:06:35:25 -0600] "GET /welcome_files/eG8T.jpg HTTP/1.0" 404 315 "-" "msnbot-media/1.0 (+http://search.msn.com/msnbot.htm)"
65.55.212.92 - - [21/Feb/2007:06:35:34 -0600] "GET /Anritsumw9070b.jpg HTTP/1.0" 200 21079 "-" "msnbot-media/1.0 (+http://search.msn.com/msnbot.htm)"
64.5.245.27 - - [21/Feb/2007:06:36:38 -0600] "GET /atek-SANRAFAELablinginstallations.htm HTTP/1.0" 200 56772 "-" "genieBot wgao@genieknows.com"
65.55.212.92 - - [21/Feb/2007:06:36:45 -0600] "GET /welcome_files/eG1000T64.jpg HTTP/1.0" 404 320 "-" "msnbot-media/1.0 (+http://search.msn.com/msnbot.htm)"
64.5.245.27 - - [21/Feb/2007:06:40:07 -0600] "GET /atek-DUBLIN-cablinginstallations.htm HTTP/1.0" 200 56009 "-" "genieBot wgao@genieknows.com"
64.5.245.27 - - [21/Feb/2007:06:43:08 -0600] "GET /atekMILPITAScablinginstallations.htm HTTP/1.0" 200 54792 "-" "genieBot wgao@genieknows.com"
81.52.143.15 - - [21/Feb/2007:06:45:28 -0600] "GET /robots.txt HTTP/1.1" 404 303 "-" "Mozilla/4.0 (compatible; MSIE 5.0; Windows 95) VoilaBot BETA 1.2 (http://www.voila.com/)"
81.52.143.15 - - [21/Feb/2007:06:45:29 -0600] "GET /atektampabayareaservices.htm HTTP/1.1" 200 38309 "-" "Mozilla/4.0 (compatible; MSIE 5.0; Windows 95) VoilaBot BETA 1.2 (http://www.voila.com/)"
12.75.21.188 - - [21/Feb/2007:06:45:34 -0600] "GET /images/gif/bg.gif HTTP/1.1" 200 164 "http://www.atekcommunications.com/" "Mozilla/4.0 (compatible; MSIE 6.0; Windows NT 5.1; FunWebProducts; SV1)"
12.75.21.188 - - [21/Feb/2007:06:45:36 -0600] "GET /nav/atek.gif HTTP/1.1" 200 8355 "http://www.atekcommunications.com/" "Mozilla/4.0 (compatible; MSIE 6.0; Windows NT 5.1; FunWebProducts; SV1)"
12.75.21.188 - - [21/Feb/2007:06:45:32 -0600] "GET / HTTP/1.1" 200 61139 "http://search.mywebsearch.com/mywebsearch/GGmain.jhtml?st=bar&ptnrS=ZNxmk036&searchfor=DSL+TELEPONE+CABLE" "Mozilla/4.0 (compatible; MSIE 6.0; Windows NT 5.1; FunWebProducts; SV1)"
12.75.21.188 - - [21/Feb/2007:06:45:41 -0600] "GET /nav/topr.gif HTTP/1.1" 200 1740 "http://www.atekcommunications.com/" "Mozilla/4.0 (compatible; MSIE 6.0; Windows NT 5.1; FunWebProducts; SV1)"
12.75.21.188 - - [21/Feb/2007:06:45:41 -0600] "GET /nav/title.gif HTTP/1.1" 200 17003 "http://www.atekcommunications.com/" "Mozilla/4.0 (compatible; MSIE 6.0; Windows NT 5.1; FunWebProducts; SV1)"
12.75.21.188 - - [21/Feb/2007:06:45:45 -0600] "GET /nav/wsmart.gif HTTP/1.1" 200 5369 "http://www.atekcommunications.com/" "Mozilla/4.0 (compatible; MSIE 6.0; Windows NT 5.1; FunWebProducts; SV1)"
12.75.21.188 - - [21/Feb/2007:06:45:56 -0600] "GET /nav/wcatalog.gif HTTP/1.1" 200 6632 "http://www.atekcommunications.com/" "Mozilla/4.0 (compatible; MSIE 6.0; Windows NT 5.1; FunWebProducts; SV1)"
12.75.21.188 - - [21/Feb/2007:06:45:57 -0600] "GET /nav/wcontact.gif HTTP/1.1" 200 5196 "http://www.atekcommunications.com/" "Mozilla/4.0 (compatible; MSIE 6.0; Windows NT 5.1; FunWebProducts; SV1)"
12.75.21.188 - - [21/Feb/2007:06:46:00 -0600] "GET /nav/corner.gif HTTP/1.1" 200 838 "http://www.atekcommunications.com/" "Mozilla/4.0 (compatible; MSIE 6.0; Windows NT 5.1; FunWebProducts; SV1)"
12.75.21.188 - - [21/Feb/2007:06:46:00 -0600] "GET /nav/line.gif HTTP/1.1" 200 170 "http://www.atekcommunications.com/" "Mozilla/4.0 (compatible; MSIE 6.0; Windows NT 5.1; FunWebProducts; SV1)"
12.75.21.188 - - [21/Feb/2007:06:46:01 -0600] "GET /images/gif/transparent.gif HTTP/1.1" 200 807 "http://www.atekcommunications.com/" "Mozilla/4.0 (compatible; MSIE 6.0; Windows NT 5.1; FunWebProducts; SV1)"
64.5.245.27 - - [21/Feb/2007:06:46:06 -0600] "GET /atek-SANTAROSAareacablinginstallations.htm HTTP/1.0" 200 56401 "-" "genieBot wgao@genieknows.com"
12.75.21.188 - - [21/Feb/2007:06:46:01 -0600] "GET /LadderRack_files/images/amflag.gif HTTP/1.1" 200 32090 "http://www.atekcommunications.com/" "Mozilla/4.0 (compatible; MSIE 6.0; Windows NT 5.1; FunWebProducts; SV1)"
12.75.21.188 - - [21/Feb/2007:06:46:02 -0600] "GET /images/wireless_sharp_151.gif HTTP/1.1" 200 24740 "http://www.atekcommunications.com/" "Mozilla/4.0 (compatible; MSIE 6.0; Windows NT 5.1; FunWebProducts; SV1)"
12.75.21.188 - - [21/Feb/2007:06:46:12 -0600] "GET /nav/about1.gif HTTP/1.1" 200 2664 "http://www.atekcommunications.com/" "Mozilla/4.0 (compatible; MSIE 6.0; Windows NT 5.1; FunWebProducts; SV1)"
12.75.21.188 - - [21/Feb/2007:06:46:13 -0600] "GET /nav/serv1.gif HTTP/1.1" 200 2901 "http://www.atekcommunications.com/" "Mozilla/4.0 (compatible; MSIE 6.0; Windows NT 5.1; FunWebProducts; SV1)"
12.75.21.188 - - [21/Feb/2007:06:46:14 -0600] "GET /nav/contact1.gif HTTP/1.1" 200 2550 "http://www.atekcommunications.com/" "Mozilla/4.0 (compatible; MSIE 6.0; Windows NT 5.1; FunWebProducts; SV1)"
12.75.21.188 - - [21/Feb/2007:06:46:14 -0600] "GET /nav/gov1.gif HTTP/1.1" 200 2653 "http://www.atekcommunications.com/" "Mozilla/4.0 (compatible; MSIE 6.0; Windows NT 5.1; FunWebProducts; SV1)"
12.75.21.188 - - [21/Feb/2007:06:46:16 -0600] "GET /nav/mission1.gif HTTP/1.1" 200 2187 "http://www.atekcommunications.com/" "Mozilla/4.0 (compatible; MSIE 6.0; Windows NT 5.1; FunWebProducts; SV1)"
12.75.21.188 - - [21/Feb/2007:06:46:16 -0600] "GET /nav/employ1.gif HTTP/1.1" 200 2678 "http://www.atekcommunications.com/" "Mozilla/4.0 (compatible; MSIE 6.0; Windows NT 5.1; FunWebProducts; SV1)"
12.75.21.188 - - [21/Feb/2007:06:46:17 -0600] "GET /nav/switches1.gif HTTP/1.1" 200 2337 "http://www.atekcommunications.com/" "Mozilla/4.0 (compatible; MSIE 6.0; Windows NT 5.1; FunWebProducts; SV1)"
12.75.21.188 - - [21/Feb/2007:06:46:18 -0600] "GET /nav/smarthomes1.gif HTTP/1.1" 200 2763 "http://www.atekcommunications.com/" "Mozilla/4.0 (compatible; MSIE 6.0; Windows NT 5.1; FunWebProducts; SV1)"
12.75.21.188 - - [21/Feb/2007:06:46:18 -0600] "GET /nav/features1.gif HTTP/1.1" 200 2196 "http://www.atekcommunications.com/" "Mozilla/4.0 (compatible; MSIE 6.0; Windows NT 5.1; FunWebProducts; SV1)"
12.75.21.188 - - [21/Feb/2007:06:46:19 -0600] "GET /nav/products1.gif HTTP/1.1" 200 2297 "http://www.atekcommunications.com/" "Mozilla/4.0 (compatible; MSIE 6.0; Windows NT 5.1; FunWebProducts; SV1)"
12.75.21.188 - - [21/Feb/2007:06:46:20 -0600] "GET /nav/build1.gif HTTP/1.1" 200 2231 "http://www.atekcommunications.com/" "Mozilla/4.0 (compatible; MSIE 6.0; Windows NT 5.1; FunWebProducts; SV1)"
12.75.21.188 - - [21/Feb/2007:06:46:21 -0600] "GET /nav/cabling1.gif HTTP/1.1" 200 2209 "http://www.atekcommunications.com/" "Mozilla/4.0 (compatible; MSIE 6.0; Windows NT 5.1; FunWebProducts; SV1)"
12.75.21.188 - - [21/Feb/2007:06:46:21 -0600] "GET /nav/fiber1.gif HTTP/1.1" 200 2719 "http://www.atekcommunications.com/" "Mozilla/4.0 (compatible; MSIE 6.0; Windows NT 5.1; FunWebProducts; SV1)"
12.75.21.188 - - [21/Feb/2007:06:46:22 -0600] "GET /nav/misc1.gif HTTP/1.1" 200 2812 "http://www.atekcommunications.com/" "Mozilla/4.0 (compatible; MSIE 6.0; Windows NT 5.1; FunWebProducts; SV1)"
12.75.21.188 - - [21/Feb/2007:06:46:23 -0600] "GET /nav/multimedia1.gif HTTP/1.1" 200 2565 "http://www.atekcommunications.com/" "Mozilla/4.0 (compatible; MSIE 6.0; Windows NT 5.1; FunWebProducts; SV1)"
12.75.21.188 - - [21/Feb/2007:06:46:24 -0600] "GET /nav/networking1.gif HTTP/1.1" 200 2601 "http://www.atekcommunications.com/" "Mozilla/4.0 (compatible; MSIE 6.0; Windows NT 5.1; FunWebProducts; SV1)"
12.75.21.188 - - [21/Feb/2007:06:46:24 -0600] "GET /nav/security1.gif HTTP/1.1" 200 2230 "http://www.atekcommunications.com/" "Mozilla/4.0 (compatible; MSIE 6.0; Windows NT 5.1; FunWebProducts; SV1)"
12.75.21.188 - - [21/Feb/2007:06:46:25 -0600] "GET /nav/standards1.gif HTTP/1.1" 200 2463 "http://www.atekcommunications.com/" "Mozilla/4.0 (compatible; MSIE 6.0; Windows NT 5.1; FunWebProducts; SV1)"
12.75.21.188 - - [21/Feb/2007:06:46:25 -0600] "GET /nav/surepower1.gif HTTP/1.1" 200 2455 "http://www.atekcommunications.com/" "Mozilla/4.0 (compatible; MSIE 6.0; Windows NT 5.1; FunWebProducts; SV1)"
12.75.21.188 - - [21/Feb/2007:06:46:26 -0600] "GET /nav/tele1.gif HTTP/1.1" 200 2589 "http://www.atekcommunications.com/" "Mozilla/4.0 (compatible; MSIE 6.0; Windows NT 5.1; FunWebProducts; SV1)"
12.75.21.188 - - [21/Feb/2007:06:46:28 -0600] "GET /images/gif/ciscobanner.gif HTTP/1.1" 200 1163 "http://www.atekcommunications.com/" "Mozilla/4.0 (compatible; MSIE 6.0; Windows NT 5.1; FunWebProducts; SV1)"
12.75.21.188 - - [21/Feb/2007:06:46:27 -0600] "GET /images/jpg/ATEK_authorized_dealer.jpg HTTP/1.1" 200 13844 "http://www.atekcommunications.com/" "Mozilla/4.0 (compatible; MSIE 6.0; Windows NT 5.1; FunWebProducts; SV1)"
12.75.21.188 - - [21/Feb/2007:06:46:31 -0600] "GET /images/gif/icclogo2000.gif HTTP/1.1" 200 589 "http://www.atekcommunications.com/" "Mozilla/4.0 (compatible; MSIE 6.0; Windows NT 5.1; FunWebProducts; SV1)"
12.75.21.188 - - [21/Feb/2007:06:46:30 -0600] "GET /images/gif/codeani.gif HTTP/1.1" 200 20412 "http://www.atekcommunications.com/" "Mozilla/4.0 (compatible; MSIE 6.0; Windows NT 5.1; FunWebProducts; SV1)"
12.75.21.188 - - [21/Feb/2007:06:46:36 -0600] "GET /images/gif/motologo.gif HTTP/1.1" 200 481 "http://www.atekcommunications.com/" "Mozilla/4.0 (compatible; MSIE 6.0; Windows NT 5.1; FunWebProducts; SV1)"
12.75.21.188 - - [21/Feb/2007:06:46:39 -0600] "GET /images/jpg/Anrits_Logo.jpg HTTP/1.1" 200 2889 "http://www.atekcommunications.com/" "Mozilla/4.0 (compatible; MSIE 6.0; Windows NT 5.1; FunWebProducts; SV1)"
12.75.21.188 - - [21/Feb/2007:06:46:44 -0600] "GET /images/jpg/Telco_Systems_Logo.jpg HTTP/1.1" 200 9146 "http://www.atekcommunications.com/" "Mozilla/4.0 (compatible; MSIE 6.0; Windows NT 5.1; FunWebProducts; SV1)"
12.75.21.188 - - [21/Feb/2007:06:46:52 -0600] "GET /images/jpg/ATT_Logo.jpg HTTP/1.1" 200 6492 "http://www.atekcommunications.com/" "Mozilla/4.0 (compatible; MSIE 6.0; Windows NT 5.1; FunWebProducts; SV1)"
12.75.21.188 - - [21/Feb/2007:06:46:59 -0600] "GET /images/jpg/bluebook_sm.jpg HTTP/1.1" 200 13877 "http://www.atekcommunications.com/" "Mozilla/4.0 (compatible; MSIE 6.0; Windows NT 5.1; FunWebProducts; SV1)"
12.75.21.188 - - [21/Feb/2007:06:47:14 -0600] "GET /images/gif/bicsi.gif HTTP/1.1" 200 3482 "http://www.atekcommunications.com/" "Mozilla/4.0 (compatible; MSIE 6.0; Windows NT 5.1; FunWebProducts; SV1)"
66.249.65.51 - - [21/Feb/2007:06:47:16 -0600] "GET /singmode.htm HTTP/1.1" 200 207114 "-" "Mozilla/5.0 (compatible; Googlebot/2.1; +http://www.google.com/bot.html)"
12.75.21.188 - - [21/Feb/2007:06:47:18 -0600] "GET /need%20help%20%20telcom%20pic.gif HTTP/1.1" 200 10437 "http://www.atekcommunications.com/" "Mozilla/4.0 (compatible; MSIE 6.0; Windows NT 5.1; FunWebProducts; SV1)"
81.52.143.16 - - [21/Feb/2007:06:47:18 -0600] "GET /robots.txt HTTP/1.1" 404 303 "-" "Mozilla/4.0 (compatible; MSIE 5.0; Windows 95) VoilaBot BETA 1.2 (http://www.voila.com/)"
81.52.143.16 - - [21/Feb/2007:06:47:19 -0600] "GET /telcocarrier.html HTTP/1.1" 304 - "-" "Mozilla/4.0 (compatible; MSIE 5.0; Windows 95) VoilaBot BETA 1.2 (http://www.voila.com/)"
12.75.21.188 - - [21/Feb/2007:06:47:24 -0600] "GET /nocc.jpg HTTP/1.1" 200 9780 "http://www.atekcommunications.com/" "Mozilla/4.0 (compatible; MSIE 6.0; Windows NT 5.1; FunWebProducts; SV1)"
12.75.21.188 - - [21/Feb/2007:06:46:33 -0600] "GET /WbandGbE_Switch.jpg HTTP/1.1" 200 208501 "http://www.atekcommunications.com/" "Mozilla/4.0 (compatible; MSIE 6.0; Windows NT 5.1; FunWebProducts; SV1)"
65.55.212.92 - - [21/Feb/2007:06:47:30 -0600] "GET /ICangll107AF4WH.jpg HTTP/1.0" 200 6585 "-" "msnbot-media/1.0 (+http://search.msn.com/msnbot.htm)"
65.55.212.92 - - [21/Feb/2007:06:47:31 -0600] "GET /IC630SS4IV.jpg HTTP/1.0" 200 6071 "-" "msnbot-media/1.0 (+http://search.msn.com/msnbot.htm)"
65.55.212.92 - - [21/Feb/2007:06:47:31 -0600] "GET /IC630DB4IV.jpg HTTP/1.0" 200 5712 "-" "msnbot-media/1.0 (+http://search.msn.com/msnbot.htm)"
12.75.21.188 - - [21/Feb/2007:06:47:31 -0600] "GET /contractor%20picpict_header.jpeg HTTP/1.1" 200 20856 "http://www.atekcommunications.com/" "Mozilla/4.0 (compatible; MSIE 6.0; Windows NT 5.1; FunWebProducts; SV1)"
65.55.212.92 - - [21/Feb/2007:06:47:40 -0600] "GET /FiberLink.jpg HTTP/1.0" 200 7603 "-" "msnbot-media/1.0 (+http://search.msn.com/msnbot.htm)"
12.75.21.188 - - [21/Feb/2007:06:47:50 -0600] "GET /wireless_animate.gif HTTP/1.1" 200 4245 "http://www.atekcommunications.com/" "Mozilla/4.0 (compatible; MSIE 6.0; Windows NT 5.1; FunWebProducts; SV1)"
12.75.21.188 - - [21/Feb/2007:06:47:55 -0600] "GET /contractor%20pic%20on%20the%20us.gif HTTP/1.1" 200 19889 "http://www.atekcommunications.com/" "Mozilla/4.0 (compatible; MSIE 6.0; Windows NT 5.1; FunWebProducts; SV1)"
65.55.212.92 - - [21/Feb/2007:06:48:04 -0600] "GET /residential.html HTTP/1.0" 404 309 "-" "msnbot-media/1.0 (+http://search.msn.com/msnbot.htm)"
12.75.21.188 - - [21/Feb/2007:06:48:09 -0600] "GET /atekservice-pole.gif HTTP/1.1" 200 30511 "http://www.atekcommunications.com/" "Mozilla/4.0 (compatible; MSIE 6.0; Windows NT 5.1; FunWebProducts; SV1)"
12.75.21.188 - - [21/Feb/2007:06:48:28 -0600] "GET /atslogoclip_image002.jpeg HTTP/1.1" 200 1663 "http://www.atekcommunications.com/" "Mozilla/4.0 (compatible; MSIE 6.0; Windows NT 5.1; FunWebProducts; SV1)"
12.75.21.188 - - [21/Feb/2007:06:48:31 -0600] "GET /bicsi.jpg HTTP/1.1" 200 13735 "http://www.atekcommunications.com/" "Mozilla/4.0 (compatible; MSIE 6.0; Windows NT 5.1; FunWebProducts; SV1)"
12.75.21.188 - - [21/Feb/2007:06:48:41 -0600] "GET /testtech%5Bic.JPG HTTP/1.1" 200 8896 "http://www.atekcommunications.com/" "Mozilla/4.0 (compatible; MSIE 6.0; Windows NT 5.1; FunWebProducts; SV1)"
12.75.21.188 - - [21/Feb/2007:06:47:31 -0600] "GET /images/gif/coloani.gif HTTP/1.1" 200 256477 "http://www.atekcommunications.com/" "Mozilla/4.0 (compatible; MSIE 6.0; Windows NT 5.1; FunWebProducts; SV1)"
12.75.21.188 - - [21/Feb/2007:06:48:50 -0600] "GET /smartlogo3.gif HTTP/1.1" 200 5121 "http://www.atekcommunications.com/" "Mozilla/4.0 (compatible; MSIE 6.0; Windows NT 5.1; FunWebProducts; SV1)"
12.75.21.188 - - [21/Feb/2007:06:48:54 -0600] "GET /smatlogo2.gif HTTP/1.1" 200 4081 "http://www.atekcommunications.com/" "Mozilla/4.0 (compatible; MSIE 6.0; Windows NT 5.1; FunWebProducts; SV1)"
12.75.21.188 - - [21/Feb/2007:06:48:50 -0600] "GET /networkimage112.jpg HTTP/1.1" 200 28038 "http://www.atekcommunications.com/" "Mozilla/4.0 (compatible; MSIE 6.0; Windows NT 5.1; FunWebProducts; SV1)"
12.75.21.188 - - [21/Feb/2007:06:48:58 -0600] "GET /smartlogo.gif HTTP/1.1" 200 2141 "http://www.atekcommunications.com/" "Mozilla/4.0 (compatible; MSIE 6.0; Windows NT 5.1; FunWebProducts; SV1)"
12.75.21.188 - - [21/Feb/2007:06:48:58 -0600] "GET /telindex_15.gif HTTP/1.1" 200 6938 "http://www.atekcommunications.com/" "Mozilla/4.0 (compatible; MSIE 6.0; Windows NT 5.1; FunWebProducts; SV1)"
12.75.21.188 - - [21/Feb/2007:06:48:59 -0600] "GET /adtrancsubannerd2c_v-banner3.gif HTTP/1.1" 200 18569 "http://www.atekcommunications.com/" "Mozilla/4.0 (compatible; MSIE 6.0; Windows NT 5.1; FunWebProducts; SV1)"
12.75.21.188 - - [21/Feb/2007:06:49:06 -0600] "GET /tampapic3.jpeg HTTP/1.1" 200 3575 "http://www.atekcommunications.com/" "Mozilla/4.0 (compatible; MSIE 6.0; Windows NT 5.1; FunWebProducts; SV1)"
12.75.21.188 - - [21/Feb/2007:06:49:02 -0600] "GET /adtran1124banner1.jpeg HTTP/1.1" 200 22287 "http://www.atekcommunications.com/" "Mozilla/4.0 (compatible; MSIE 6.0; Windows NT 5.1; FunWebProducts; SV1)"
12.75.21.188 - - [21/Feb/2007:06:49:10 -0600] "GET /golden-gate-bridge2-sm.jpg HTTP/1.1" 200 3398 "http://www.atekcommunications.com/" "Mozilla/4.0 (compatible; MSIE 6.0; Windows NT 5.1; FunWebProducts; SV1)"
12.75.21.188 - - [21/Feb/2007:06:49:11 -0600] "GET /labuildings02_004-s.jpeg HTTP/1.1" 200 4085 "http://www.atekcommunications.com/" "Mozilla/4.0 (compatible; MSIE 6.0; Windows NT 5.1; FunWebProducts; SV1)"
12.75.21.188 - - [21/Feb/2007:06:49:13 -0600] "GET /AATEK/ATEK%20DOCS/ATEK%20WEB/ATEK%20SERVICESWEB/ATEK%20WEBPAGE_files/Shack-HOME-image.jpg HTTP/1.1" 200 10332 "http://www.atekcommunications.com/" "Mozilla/4.0 (compatible; MSIE 6.0; Windows NT 5.1; FunWebProducts; SV1)"
12.75.21.188 - - [21/Feb/2007:06:49:12 -0600] "GET /metrosplash.jpg HTTP/1.1" 200 13245 "http://www.atekcommunications.com/" "Mozilla/4.0 (compatible; MSIE 6.0; Windows NT 5.1; FunWebProducts; SV1)"
12.75.21.188 - - [21/Feb/2007:06:49:19 -0600] "GET /movingQS2_After.jpeg HTTP/1.1" 200 5143 "http://www.atekcommunications.com/" "Mozilla/4.0 (compatible; MSIE 6.0; Windows NT 5.1; FunWebProducts; SV1)"
12.75.21.188 - - [21/Feb/2007:06:49:20 -0600] "GET /movinginnerductprodani.gif HTTP/1.1" 200 20328 "http://www.atekcommunications.com/" "Mozilla/4.0 (compatible; MSIE 6.0; Windows NT 5.1; FunWebProducts; SV1)"
12.75.21.188 - - [21/Feb/2007:06:49:22 -0600] "GET /AerialOptions.jpg HTTP/1.1" 200 13017 "http://www.atekcommunications.com/" "Mozilla/4.0 (compatible; MSIE 6.0; Windows NT 5.1; FunWebProducts; SV1)"
12.75.21.188 - - [21/Feb/2007:06:49:26 -0600] "GET /movingnew4a.gif HTTP/1.1" 200 2109 "http://www.atekcommunications.com/" "Mozilla/4.0 (compatible; MSIE 6.0; Windows NT 5.1; FunWebProducts; SV1)"
12.75.21.188 - - [21/Feb/2007:06:49:28 -0600] "GET /logomohawk.gif HTTP/1.1" 200 2444 "http://www.atekcommunications.com/" "Mozilla/4.0 (compatible; MSIE 6.0; Windows NT 5.1; FunWebProducts; SV1)"
12.75.21.188 - - [21/Feb/2007:06:49:28 -0600] "GET /logo-generalbicc1.gif HTTP/1.1" 200 1539 "http://www.atekcommunications.com/" "Mozilla/4.0 (compatible; MSIE 6.0; Windows NT 5.1; FunWebProducts; SV1)"
12.75.21.188 - - [21/Feb/2007:06:49:30 -0600] "GET /logoamplogo.gif HTTP/1.1" 200 1253 "http://www.atekcommunications.com/" "Mozilla/4.0 (compatible; MSIE 6.0; Windows NT 5.1; FunWebProducts; SV1)"
12.75.21.188 - - [21/Feb/2007:06:49:30 -0600] "GET /logobelden.gif HTTP/1.1" 200 3976 "http://www.atekcommunications.com/" "Mozilla/4.0 (compatible; MSIE 6.0; Windows NT 5.1; FunWebProducts; SV1)"
12.75.21.188 - - [21/Feb/2007:06:49:31 -0600] "GET /logo-ibm.jpeg HTTP/1.1" 200 1935 "http://www.atekcommunications.com/" "Mozilla/4.0 (compatible; MSIE 6.0; Windows NT 5.1; FunWebProducts; SV1)"
12.75.21.188 - - [21/Feb/2007:06:49:32 -0600] "GET /LadderRack_files/images/ciscobanner.gif HTTP/1.1" 200 1163 "http://www.atekcommunications.com/" "Mozilla/4.0 (compatible; MSIE 6.0; Windows NT 5.1; FunWebProducts; SV1)"
12.75.21.188 - - [21/Feb/2007:06:49:33 -0600] "GET /LadderRack_files/images/telcologo.gif HTTP/1.1" 200 3878 "http://www.atekcommunications.com/" "Mozilla/4.0 (compatible; MSIE 6.0; Windows NT 5.1; FunWebProducts; SV1)"
12.75.21.188 - - [21/Feb/2007:06:49:34 -0600] "GET /LadderRack_files/images/anritsu.gif HTTP/1.1" 200 1108 "http://www.atekcommunications.com/" "Mozilla/4.0 (compatible; MSIE 6.0; Windows NT 5.1; FunWebProducts; SV1)"
12.75.21.188 - - [21/Feb/2007:06:49:35 -0600] "GET /sbc_logo.gif HTTP/1.1" 200 2793 "http://www.atekcommunications.com/" "Mozilla/4.0 (compatible; MSIE 6.0; Windows NT 5.1; FunWebProducts; SV1)"
12.75.21.188 - - [21/Feb/2007:06:49:36 -0600] "GET /LadderRack_files/images/levitonlogo.gif HTTP/1.1" 200 3150 "http://www.atekcommunications.com/" "Mozilla/4.0 (compatible; MSIE 6.0; Windows NT 5.1; FunWebProducts; SV1)"
12.75.21.188 - - [21/Feb/2007:06:49:38 -0600] "GET /LadderRack_files/images/Nortel_logosm.jpg HTTP/1.1" 200 3121 "http://www.atekcommunications.com/" "Mozilla/4.0 (compatible; MSIE 6.0; Windows NT 5.1; FunWebProducts; SV1)"
12.75.21.188 - - [21/Feb/2007:06:49:38 -0600] "GET /LadderRack_files/images/alliedtelelogo.gif HTTP/1.1" 200 3610 "http://www.atekcommunications.com/" "Mozilla/4.0 (compatible; MSIE 6.0; Windows NT 5.1; FunWebProducts; SV1)"
12.75.21.188 - - [21/Feb/2007:06:49:40 -0600] "GET /LadderRack_files/images/cxr_aj.jpg HTTP/1.1" 200 4392 "http://www.atekcommunications.com/" "Mozilla/4.0 (compatible; MSIE 6.0; Windows NT 5.1; FunWebProducts; SV1)"
12.75.21.188 - - [21/Feb/2007:06:49:41 -0600] "GET /logocommscope.jpg HTTP/1.1" 200 5594 "http://www.atekcommunications.com/" "Mozilla/4.0 (compatible; MSIE 6.0; Windows NT 5.1; FunWebProducts; SV1)"
12.75.21.188 - - [21/Feb/2007:06:49:43 -0600] "GET /logoideal.jpeg HTTP/1.1" 200 2699 "http://www.atekcommunications.com/" "Mozilla/4.0 (compatible; MSIE 6.0; Windows NT 5.1; FunWebProducts; SV1)"
12.75.21.188 - - [21/Feb/2007:06:49:43 -0600] "GET /verizon%20logo.jpeg HTTP/1.1" 200 1842 "http://www.atekcommunications.com/" "Mozilla/4.0 (compatible; MSIE 6.0; Windows NT 5.1; FunWebProducts; SV1)"
12.75.21.188 - - [21/Feb/2007:06:49:44 -0600] "GET /logo-extreme.jpeg HTTP/1.1" 200 1326 "http://www.atekcommunications.com/" "Mozilla/4.0 (compatible; MSIE 6.0; Windows NT 5.1; FunWebProducts; SV1)"
12.75.21.188 - - [21/Feb/2007:06:49:45 -0600] "GET /sbsbatterylogo.gif HTTP/1.1" 200 3581 "http://www.atekcommunications.com/" "Mozilla/4.0 (compatible; MSIE 6.0; Windows NT 5.1; FunWebProducts; SV1)"
12.75.21.188 - - [21/Feb/2007:06:49:46 -0600] "GET /microsoftlogo2.jpeg HTTP/1.1" 200 2995 "http://www.atekcommunications.com/" "Mozilla/4.0 (compatible; MSIE 6.0; Windows NT 5.1; FunWebProducts; SV1)"
12.75.21.188 - - [21/Feb/2007:06:49:47 -0600] "GET /tia_logo1.gif HTTP/1.1" 200 2663 "http://www.atekcommunications.com/" "Mozilla/4.0 (compatible; MSIE 6.0; Windows NT 5.1; FunWebProducts; SV1)"
12.75.21.188 - - [21/Feb/2007:06:49:48 -0600] "GET /hubbell1_logo1.gif HTTP/1.1" 200 8571 "http://www.atekcommunications.com/" "Mozilla/4.0 (compatible; MSIE 6.0; Windows NT 5.1; FunWebProducts; SV1)"
12.75.21.188 - - [21/Feb/2007:06:49:49 -0600] "GET /dillogo.jpg HTTP/1.1" 200 13478 "http://www.atekcommunications.com/" "Mozilla/4.0 (compatible; MSIE 6.0; Windows NT 5.1; FunWebProducts; SV1)"
12.75.21.188 - - [21/Feb/2007:06:49:52 -0600] "GET /ortronics_logo.gif HTTP/1.1" 200 3711 "http://www.atekcommunications.com/" "Mozilla/4.0 (compatible; MSIE 6.0; Windows NT 5.1; FunWebProducts; SV1)"
12.75.21.188 - - [21/Feb/2007:06:49:54 -0600] "GET /hitachilogo.gif HTTP/1.1" 200 1427 "http://www.atekcommunications.com/" "Mozilla/4.0 (compatible; MSIE 6.0; Windows NT 5.1; FunWebProducts; SV1)"
12.75.21.188 - - [21/Feb/2007:06:49:54 -0600] "GET /nav/gsmart.gif HTTP/1.1" 200 5301 "http://www.atekcommunications.com/" "Mozilla/4.0 (compatible; MSIE 6.0; Windows NT 5.1; FunWebProducts; SV1)"
12.75.21.188 - - [21/Feb/2007:06:49:55 -0600] "GET /nav/gcatalog.gif HTTP/1.1" 200 6630 "http://www.atekcommunications.com/" "Mozilla/4.0 (compatible; MSIE 6.0; Windows NT 5.1; FunWebProducts; SV1)"
12.75.21.188 - - [21/Feb/2007:06:49:57 -0600] "GET /nav/gcontact.gif HTTP/1.1" 200 5063 "http://www.atekcommunications.com/" "Mozilla/4.0 (compatible; MSIE 6.0; Windows NT 5.1; FunWebProducts; SV1)"
12.75.21.188 - - [21/Feb/2007:06:49:57 -0600] "GET /nav/about2.gif HTTP/1.1" 200 2661 "http://www.atekcommunications.com/" "Mozilla/4.0 (compatible; MSIE 6.0; Windows NT 5.1; FunWebProducts; SV1)"
12.75.21.188 - - [21/Feb/2007:06:49:59 -0600] "GET /nav/gov2.gif HTTP/1.1" 200 2618 "http://www.atekcommunications.com/" "Mozilla/4.0 (compatible; MSIE 6.0; Windows NT 5.1; FunWebProducts; SV1)"
12.75.21.188 - - [21/Feb/2007:06:50:00 -0600] "GET /nav/mission2.gif HTTP/1.1" 200 2178 "http://www.atekcommunications.com/" "Mozilla/4.0 (compatible; MSIE 6.0; Windows NT 5.1; FunWebProducts; SV1)"
12.75.21.188 - - [21/Feb/2007:06:50:01 -0600] "GET /nav/smarthomes2.gif HTTP/1.1" 200 2796 "http://www.atekcommunications.com/" "Mozilla/4.0 (compatible; MSIE 6.0; Windows NT 5.1; FunWebProducts; SV1)"
12.75.21.188 - - [21/Feb/2007:06:50:01 -0600] "GET /nav/features2.gif HTTP/1.1" 200 2192 "http://www.atekcommunications.com/" "Mozilla/4.0 (compatible; MSIE 6.0; Windows NT 5.1; FunWebProducts; SV1)"
12.75.21.188 - - [21/Feb/2007:06:50:02 -0600] "GET /nav/products2.gif HTTP/1.1" 200 2291 "http://www.atekcommunications.com/" "Mozilla/4.0 (compatible; MSIE 6.0; Windows NT 5.1; FunWebProducts; SV1)"
12.75.21.188 - - [21/Feb/2007:06:50:02 -0600] "GET /nav/build2.gif HTTP/1.1" 200 2252 "http://www.atekcommunications.com/" "Mozilla/4.0 (compatible; MSIE 6.0; Windows NT 5.1; FunWebProducts; SV1)"
12.75.21.188 - - [21/Feb/2007:06:50:03 -0600] "GET /nav/cabling2.gif HTTP/1.1" 200 2208 "http://www.atekcommunications.com/" "Mozilla/4.0 (compatible; MSIE 6.0; Windows NT 5.1; FunWebProducts; SV1)"
12.75.21.188 - - [21/Feb/2007:06:50:04 -0600] "GET /nav/misc2.gif HTTP/1.1" 200 2825 "http://www.atekcommunications.com/" "Mozilla/4.0 (compatible; MSIE 6.0; Windows NT 5.1; FunWebProducts; SV1)"
12.75.21.188 - - [21/Feb/2007:06:50:07 -0600] "GET /nav/fiber2.gif HTTP/1.1" 200 2704 "http://www.atekcommunications.com/" "Mozilla/4.0 (compatible; MSIE 6.0; Windows NT 5.1; FunWebProducts; SV1)"
12.75.21.188 - - [21/Feb/2007:06:50:06 -0600] "GET /ateknetworkcabling.html HTTP/1.1" 200 29833 "http://www.atekcommunications.com/" "Mozilla/4.0 (compatible; MSIE 6.0; Windows NT 5.1; FunWebProducts; SV1)"
12.75.21.188 - - [21/Feb/2007:06:50:10 -0600] "GET /images/jpg/Shack-HOME-image.jpg HTTP/1.1" 200 10332 "http://www.atekcommunications.com/ateknetworkcabling.html" "Mozilla/4.0 (compatible; MSIE 6.0; Windows NT 5.1; FunWebProducts; SV1)"
12.75.21.188 - - [21/Feb/2007:06:50:11 -0600] "GET /images/jpg/directimg1.jpg HTTP/1.1" 200 7011 "http://www.atekcommunications.com/ateknetworkcabling.html" "Mozilla/4.0 (compatible; MSIE 6.0; Windows NT 5.1; FunWebProducts; SV1)"
12.75.21.188 - - [21/Feb/2007:06:50:16 -0600] "GET /images/jpg/smincabletray.jpg HTTP/1.1" 200 10836 "http://www.atekcommunications.com/ateknetworkcabling.html" "Mozilla/4.0 (compatible; MSIE 6.0; Windows NT 5.1; FunWebProducts; SV1)"
12.75.21.188 - - [21/Feb/2007:06:50:25 -0600] "GET /images/jpg/Wire-Stacked.jpg HTTP/1.1" 200 5212 "http://www.atekcommunications.com/ateknetworkcabling.html" "Mozilla/4.0 (compatible; MSIE 6.0; Windows NT 5.1; FunWebProducts; SV1)"
12.75.21.188 - - [21/Feb/2007:06:50:16 -0600] "GET /images/jpg/directimg2.JPG HTTP/1.1" 200 58645 "http://www.atekcommunications.com/ateknetworkcabling.html" "Mozilla/4.0 (compatible; MSIE 6.0; Windows NT 5.1; FunWebProducts; SV1)"
12.75.21.188 - - [21/Feb/2007:06:50:31 -0600] "GET /cablepullerpic.JPG HTTP/1.1" 200 7827 "http://www.atekcommunications.com/ateknetworkcabling.html" "Mozilla/4.0 (compatible; MSIE 6.0; Windows NT 5.1; FunWebProducts; SV1)"
64.5.245.27 - - [21/Feb/2007:06:50:44 -0600] "GET /atek-sHAYWARDcablinginstallations.htm HTTP/1.0" 200 56655 "-" "genieBot wgao@genieknows.com"
12.75.21.188 - - [21/Feb/2007:06:50:36 -0600] "GET /cablepic.JPG HTTP/1.1" 200 29701 "http://www.atekcommunications.com/ateknetworkcabling.html" "Mozilla/4.0 (compatible; MSIE 6.0; Windows NT 5.1; FunWebProducts; SV1)"
12.75.21.188 - - [21/Feb/2007:06:50:36 -0600] "GET /cabling.jpg HTTP/1.1" 200 29976 "http://www.atekcommunications.com/ateknetworkcabling.html" "Mozilla/4.0 (compatible; MSIE 6.0; Windows NT 5.1; FunWebProducts; SV1)"
12.75.21.188 - - [21/Feb/2007:06:50:51 -0600] "GET /cabling5.jpg HTTP/1.1" 200 28428 "http://www.atekcommunications.com/ateknetworkcabling.html" "Mozilla/4.0 (compatible; MSIE 6.0; Windows NT 5.1; FunWebProducts; SV1)"
12.75.21.188 - - [21/Feb/2007:06:50:50 -0600] "GET /cabling4.jpg HTTP/1.1" 200 30212 "http://www.atekcommunications.com/ateknetworkcabling.html" "Mozilla/4.0 (compatible; MSIE 6.0; Windows NT 5.1; FunWebProducts; SV1)"
12.75.21.188 - - [21/Feb/2007:06:51:04 -0600] "GET /nav/contact2.gif HTTP/1.1" 200 2558 "http://www.atekcommunications.com/ateknetworkcabling.html" "Mozilla/4.0 (compatible; MSIE 6.0; Windows NT 5.1; FunWebProducts; SV1)"
12.75.21.188 - - [21/Feb/2007:06:51:04 -0600] "GET /nav/employ2.gif HTTP/1.1" 200 2727 "http://www.atekcommunications.com/ateknetworkcabling.html" "Mozilla/4.0 (compatible; MSIE 6.0; Windows NT 5.1; FunWebProducts; SV1)"
12.75.21.188 - - [21/Feb/2007:06:51:05 -0600] "GET /nav/serv2.gif HTTP/1.1" 200 2899 "http://www.atekcommunications.com/ateknetworkcabling.html" "Mozilla/4.0 (compatible; MSIE 6.0; Windows NT 5.1; FunWebProducts; SV1)"
12.75.21.188 - - [21/Feb/2007:06:51:06 -0600] "GET /nav/fiber2.gif HTTP/1.1" 200 2704 "http://www.atekcommunications.com/ateknetworkcabling.html" "Mozilla/4.0 (compatible; MSIE 6.0; Windows NT 5.1; FunWebProducts; SV1)"
12.75.21.188 - - [21/Feb/2007:06:51:07 -0600] "GET /nav/multimedia2.gif HTTP/1.1" 200 2562 "http://www.atekcommunications.com/ateknetworkcabling.html" "Mozilla/4.0 (compatible; MSIE 6.0; Windows NT 5.1; FunWebProducts; SV1)"
12.75.21.188 - - [21/Feb/2007:06:51:07 -0600] "GET /nav/networking2.gif HTTP/1.1" 200 2610 "http://www.atekcommunications.com/ateknetworkcabling.html" "Mozilla/4.0 (compatible; MSIE 6.0; Windows NT 5.1; FunWebProducts; SV1)"
12.75.21.188 - - [21/Feb/2007:06:51:08 -0600] "GET /nav/security2.gif HTTP/1.1" 200 2208 "http://www.atekcommunications.com/ateknetworkcabling.html" "Mozilla/4.0 (compatible; MSIE 6.0; Windows NT 5.1; FunWebProducts; SV1)"
12.75.21.188 - - [21/Feb/2007:06:51:09 -0600] "GET /nav/standards2.gif HTTP/1.1" 200 2450 "http://www.atekcommunications.com/ateknetworkcabling.html" "Mozilla/4.0 (compatible; MSIE 6.0; Windows NT 5.1; FunWebProducts; SV1)"
12.75.21.188 - - [21/Feb/2007:06:51:10 -0600] "GET /nav/surepower2.gif HTTP/1.1" 200 2448 "http://www.atekcommunications.com/ateknetworkcabling.html" "Mozilla/4.0 (compatible; MSIE 6.0; Windows NT 5.1; FunWebProducts; SV1)"
12.75.21.188 - - [21/Feb/2007:06:51:10 -0600] "GET /nav/switches2.gif HTTP/1.1" 200 2324 "http://www.atekcommunications.com/ateknetworkcabling.html" "Mozilla/4.0 (compatible; MSIE 6.0; Windows NT 5.1; FunWebProducts; SV1)"
12.75.21.188 - - [21/Feb/2007:06:51:12 -0600] "GET /nav/tele2.gif HTTP/1.1" 200 2599 "http://www.atekcommunications.com/ateknetworkcabling.html" "Mozilla/4.0 (compatible; MSIE 6.0; Windows NT 5.1; FunWebProducts; SV1)"
65.55.212.92 - - [21/Feb/2007:06:51:44 -0600] "GET /IC107DA1AL.jpg HTTP/1.0" 200 5820 "-" "msnbot-media/1.0 (+http://search.msn.com/msnbot.htm)"
66.249.65.51 - - [21/Feb/2007:06:51:45 -0600] "GET /distrackhrpak.htm HTTP/1.1" 200 10803 "-" "Mozilla/5.0 (compatible; Googlebot/2.1; +http://www.google.com/bot.html)"
65.55.212.92 - - [21/Feb/2007:06:53:06 -0600] "GET /welcome_files/eG1G8T.jpg HTTP/1.0" 404 317 "-" "msnbot-media/1.0 (+http://search.msn.com/msnbot.htm)"
65.55.212.92 - - [21/Feb/2007:06:54:10 -0600] "GET /MRV-Freespaceproducts-ts1-header.gif HTTP/1.0" 200 10848 "-" "msnbot-media/1.0 (+http://search.msn.com/msnbot.htm)"
64.5.245.27 - - [21/Feb/2007:06:57:32 -0600] "GET /atek-SANRAMONcablinginstallations.htm HTTP/1.0" 200 56695 "-" "genieBot wgao@genieknows.com"
74.6.85.149 - - [21/Feb/2007:06:59:13 -0600] "GET /robots.txt HTTP/1.0" 404 303 "-" "Mozilla/5.0 (compatible; Yahoo! Slurp; http://help.yahoo.com/help/us/ysearch/slurp)"
74.6.87.31 - - [21/Feb/2007:06:59:13 -0600] "GET /110wmdt.htm HTTP/1.0" 200 23824 "-" "Mozilla/5.0 (compatible; Yahoo! Slurp; http://help.yahoo.com/help/us/ysearch/slurp)"
65.55.212.92 - - [21/Feb/2007:07:00:47 -0600] "GET /welcome_files/eG16T.jpg HTTP/1.0" 404 316 "-" "msnbot-media/1.0 (+http://search.msn.com/msnbot.htm)"
74.6.75.36 - - [21/Feb/2007:07:01:36 -0600] "GET /robots.txt HTTP/1.0" 404 303 "-" "Mozilla/5.0 (compatible; Yahoo! Slurp; http://help.yahoo.com/help/us/ysearch/slurp)"
74.6.74.160 - - [21/Feb/2007:07:01:41 -0600] "GET /cat5e5footpatchcords.htm HTTP/1.0" 404 317 "-" "Mozilla/5.0 (compatible; Yahoo! Slurp; http://help.yahoo.com/help/us/ysearch/slurp)"
65.55.212.92 - - [21/Feb/2007:07:02:07 -0600] "GET /107as8_small.gif HTTP/1.0" 200 5349 "-" "msnbot-media/1.0 (+http://search.msn.com/msnbot.htm)"
64.5.245.27 - - [21/Feb/2007:07:02:11 -0600] "GET /atek-BENECIAareacablinginstallations.htm HTTP/1.0" 200 55989 "-" "genieBot wgao@genieknows.com"
65.55.212.92 - - [21/Feb/2007:07:03:43 -0600] "GET /welcome_files/eG2G24T.jpg HTTP/1.0" 404 318 "-" "msnbot-media/1.0 (+http://search.msn.com/msnbot.htm)"
66.249.65.51 - - [21/Feb/2007:07:04:28 -0600] "GET /nationalstructuredcablinginstallations.htm HTTP/1.1" 200 51703 "-" "Mozilla/5.0 (compatible; Googlebot/2.1; +http://www.google.com/bot.html)"
64.5.245.27 - - [21/Feb/2007:07:05:29 -0600] "GET /atek-PALOALTOcablinginstallations.htm HTTP/1.0" 200 56591 "-" "genieBot wgao@genieknows.com"
65.55.212.92 - - [21/Feb/2007:07:06:58 -0600] "GET /IC630S4GIV.jpg HTTP/1.0" 200 5181 "-" "msnbot-media/1.0 (+http://search.msn.com/msnbot.htm)"
66.249.65.51 - - [21/Feb/2007:07:07:22 -0600] "GET /fibertest.htm HTTP/1.1" 200 25470 "-" "Mozilla/5.0 (compatible; Googlebot/2.1; +http://www.google.com/bot.html)"
64.5.245.27 - - [21/Feb/2007:07:08:39 -0600] "GET /atek-UNIONCITYcablinginstallations.htm HTTP/1.0" 200 56725 "-" "genieBot wgao@genieknows.com"
65.55.212.92 - - [21/Feb/2007:07:10:59 -0600] "GET /ICRDSVF0AL.jpg HTTP/1.0" 200 4935 "-" "msnbot-media/1.0 (+http://search.msn.com/msnbot.htm)"
65.55.212.92 - - [21/Feb/2007:07:11:25 -0600] "GET /IC630S40WH.jpg HTTP/1.0" 200 4580 "-" "msnbot-media/1.0 (+http://search.msn.com/msnbot.htm)"
65.55.212.92 - - [21/Feb/2007:07:14:23 -0600] "GET /surepower.htm HTTP/1.0" 200 8220 "-" "msnbot-media/1.0 (+http://search.msn.com/msnbot.htm)"
66.249.65.51 - - [21/Feb/2007:07:14:34 -0600] "GET /howfiberopticsworks.htm HTTP/1.1" 200 44477 "-" "Mozilla/5.0 (compatible; Googlebot/2.1; +http://www.google.com/bot.html)"
65.55.212.92 - - [21/Feb/2007:07:16:45 -0600] "GET /welcome_files/eG32T.jpg HTTP/1.0" 404 316 "-" "msnbot-media/1.0 (+http://search.msn.com/msnbot.htm)"
83.32.137.161 - - [21/Feb/2007:07:17:55 -0600] "GET /mf5000spec.htm HTTP/1.1" 200 17745 "-" "findlinks/1.1.3-beta9 (+http://wortschatz.uni-leipzig.de/findlinks/)"
65.214.44.131 - - [21/Feb/2007:07:21:00 -0600] "GET /atek_services.html HTTP/1.0" 200 58533 "-" "Mozilla/2.0 (compatible; Ask Jeeves/Teoma; +http://about.ask.com/en/docs/about/webmasters.shtml)"
81.52.143.16 - - [21/Feb/2007:07:21:02 -0600] "GET /robots.txt HTTP/1.1" 404 303 "-" "Mozilla/4.0 (compatible; MSIE 5.0; Windows 95) VoilaBot BETA 1.2 (http://www.voila.com/)"
81.52.143.16 - - [21/Feb/2007:07:21:04 -0600] "GET /atek_mission.html HTTP/1.1" 200 18384 "-" "Mozilla/4.0 (compatible; MSIE 5.0; Windows 95) VoilaBot BETA 1.2 (http://www.voila.com/)"
74.6.69.236 - - [21/Feb/2007:07:22:43 -0600] "GET /products.php?Category=FiberOpticConnectivity HTTP/1.0" 200 53055 "-" "Mozilla/5.0 (compatible; Yahoo! Slurp; http://help.yahoo.com/help/us/ysearch/slurp)"
65.55.212.92 - - [21/Feb/2007:07:22:44 -0600] "GET /welcome_files/eG1000T32.jpg HTTP/1.0" 404 320 "-" "msnbot-media/1.0 (+http://search.msn.com/msnbot.htm)"
65.55.212.92 - - [21/Feb/2007:07:22:44 -0600] "GET /welcome_files/eG8TSsmall.jpg HTTP/1.0" 404 321 "-" "msnbot-media/1.0 (+http://search.msn.com/msnbot.htm)"
65.55.212.92 - - [21/Feb/2007:07:22:44 -0600] "GET /innerduct.htm HTTP/1.0" 200 98152 "-" "msnbot-media/1.0 (+http://search.msn.com/msnbot.htm)"
65.55.212.92 - - [21/Feb/2007:07:24:56 -0600] "GET /computers.htm HTTP/1.0" 200 26172 "-" "msnbot-media/1.0 (+http://search.msn.com/msnbot.htm)"
65.55.212.92 - - [21/Feb/2007:07:24:59 -0600] "GET /products/UPS.php HTTP/1.0" 200 15448 "-" "msnbot-media/1.0 (+http://search.msn.com/msnbot.htm)"
65.55.212.92 - - [21/Feb/2007:07:25:03 -0600] "GET /products/FiberOpticEnclosures.php HTTP/1.0" 200 22676 "-" "msnbot-media/1.0 (+http://search.msn.com/msnbot.htm)"
74.6.72.229 - - [21/Feb/2007:07:26:53 -0600] "GET /networktesters2.htm HTTP/1.0" 304 - "-" "Mozilla/5.0 (compatible; Yahoo! Slurp; http://help.yahoo.com/help/us/ysearch/slurp)"
65.55.212.92 - - [21/Feb/2007:07:26:57 -0600] "GET /powmax.htm HTTP/1.0" 200 10909 "-" "msnbot-media/1.0 (+http://search.msn.com/msnbot.htm)"
65.55.212.92 - - [21/Feb/2007:07:27:14 -0600] "GET /IC107AF2IV.jpg HTTP/1.0" 200 6657 "-" "msnbot-media/1.0 (+http://search.msn.com/msnbot.htm)"
